{"id":19276,"date":"2017-12-06T13:36:48","date_gmt":"2017-12-06T12:36:48","guid":{"rendered":"http:\/\/switzerland.afssite.afs.org\/fr\/?page_id=19276"},"modified":"2021-03-19T14:25:02","modified_gmt":"2021-03-19T13:25:02","slug":"cristina-en-afrique-du-sud","status":"publish","type":"page","link":"https:\/\/www.afs.ch\/fr\/programmes-scolaires\/temoignages-des-etudiants-dechange\/cristina-en-afrique-du-sud\/","title":{"rendered":"Cristina, en Afrique du Sud"},"content":{"rendered":"<p><strong>Mon histoire AFS<\/strong><\/p>\n<p>J\u2019ai eu l\u2019occasion de retourner \u00e0 l\u2019endroit o\u00f9 j\u2019avais fait un s\u00e9jour linguistique 2 ans plus t\u00f4t: Hambourg en Allemagne. La grande s\u0153ur de ma correspondante venait de rentrer d\u2019un programme scolaire aux \u00c9tats-Unis et les retours de son exp\u00e9rience \u00e9taient tr\u00e8s positifs. L\u2019id\u00e9e a ainsi commenc\u00e9 \u00e0 faire son chemin dans ma t\u00eate.<\/p>\n<p>\u00c0 mon retour en Suisse, apr\u00e8s de longues heures de recherche sur le web, j\u2019ai fini par demander \u00e0 mes parents si c\u2019\u00e9tait envisageable que je parte une ann\u00e9e apr\u00e8s ma scolarit\u00e9 obligatoire en programme d&rsquo;\u00e9change avec AFS. De longues heures de discussions se sont impos\u00e9es pour, au final, une r\u00e9ponse positive! J\u2019ai choisi de partir 10 mois en Afrique du Sud car c\u2019est un pays anglophone lointain, plut\u00f4t chaud, et dans lequel beaucoup de cultures se c\u00f4toient.<\/p>\n","protected":false},"excerpt":{"rendered":"<p>Mon histoire AFS J\u2019ai eu l\u2019occasion de retourner \u00e0 l\u2019endroit o\u00f9 j\u2019avais fait un s\u00e9jour linguistique 2 ans plus t\u00f4t:&hellip;<\/p>\n","protected":false},"author":380,"featured_media":0,"parent":16696,"menu_order":2,"comment_status":"closed","ping_status":"closed","template":"","meta":{"footnotes":""},"class_list":["post-19276","page","type-page","status-publish","hentry"],"yoast_head":"<!-- This site is optimized with the Yoast SEO plugin v26.6 - https:\/\/yoast.com\/wordpress\/plugins\/seo\/ -->\n<title>Cristina, en Afrique du Sud - Intercultural Programs<\/title>\n<meta name=\"robots\" content=\"index, follow, max-snippet:-1, max-image-preview:large, max-video-preview:-1\" \/>\n<link rel=\"canonical\" href=\"https:\/\/www.afs.ch\/fr\/programmes-scolaires\/temoignages-des-etudiants-dechange\/cristina-en-afrique-du-sud\/\" \/>\n<meta property=\"og:locale\" content=\"fr_FR\" \/>\n<meta property=\"og:type\" content=\"article\" \/>\n<meta property=\"og:title\" content=\"Cristina, en Afrique du Sud - Intercultural Programs\" \/>\n<meta property=\"og:description\" content=\"Mon histoire AFS J\u2019ai eu l\u2019occasion de retourner \u00e0 l\u2019endroit o\u00f9 j\u2019avais fait un s\u00e9jour linguistique 2 ans plus t\u00f4t:&hellip;\" \/>\n<meta property=\"og:url\" content=\"https:\/\/www.afs.ch\/fr\/programmes-scolaires\/temoignages-des-etudiants-dechange\/cristina-en-afrique-du-sud\/\" \/>\n<meta property=\"og:site_name\" content=\"Intercultural Programs\" \/>\n<meta property=\"article:publisher\" content=\"https:\/\/www.facebook.com\/afsswitzerland\/\" \/>\n<meta property=\"article:modified_time\" content=\"2021-03-19T13:25:02+00:00\" \/>\n<meta name=\"twitter:card\" content=\"summary_large_image\" \/>\n<meta name=\"twitter:site\" content=\"@afs_ch\" \/>\n<meta name=\"twitter:label1\" content=\"Est. reading time\" \/>\n\t<meta name=\"twitter:data1\" content=\"1 minute\" \/>\n<script type=\"application\/ld+json\" class=\"yoast-schema-graph\">{\"@context\":\"https:\/\/schema.org\",\"@graph\":[{\"@type\":\"WebPage\",\"@id\":\"https:\/\/www.afs.ch\/fr\/programmes-scolaires\/temoignages-des-etudiants-dechange\/cristina-en-afrique-du-sud\/\",\"url\":\"https:\/\/www.afs.ch\/fr\/programmes-scolaires\/temoignages-des-etudiants-dechange\/cristina-en-afrique-du-sud\/\",\"name\":\"Cristina, en Afrique du Sud - Intercultural Programs\",\"isPartOf\":{\"@id\":\"https:\/\/www.afs.ch\/fr\/#website\"},\"datePublished\":\"2017-12-06T12:36:48+00:00\",\"dateModified\":\"2021-03-19T13:25:02+00:00\",\"breadcrumb\":{\"@id\":\"https:\/\/www.afs.ch\/fr\/programmes-scolaires\/temoignages-des-etudiants-dechange\/cristina-en-afrique-du-sud\/#breadcrumb\"},\"inLanguage\":\"fr-FR\",\"potentialAction\":[{\"@type\":\"ReadAction\",\"target\":[\"https:\/\/www.afs.ch\/fr\/programmes-scolaires\/temoignages-des-etudiants-dechange\/cristina-en-afrique-du-sud\/\"]}]},{\"@type\":\"BreadcrumbList\",\"@id\":\"https:\/\/www.afs.ch\/fr\/programmes-scolaires\/temoignages-des-etudiants-dechange\/cristina-en-afrique-du-sud\/#breadcrumb\",\"itemListElement\":[{\"@type\":\"ListItem\",\"position\":1,\"name\":\"Home\",\"item\":\"https:\/\/switzerland.afssite.afs.org\/fr\/\"},{\"@type\":\"ListItem\",\"position\":2,\"name\":\"Programmes scolaires pour adolescents\",\"item\":\"https:\/\/switzerland.afssite.afs.org\/fr\/programmes-scolaires\/\"},{\"@type\":\"ListItem\",\"position\":3,\"name\":\"T\u00e9moignages de nos \u00e9tudiants en programme d&rsquo;\u00e9change\",\"item\":\"https:\/\/switzerland.afssite.afs.org\/fr\/programmes-scolaires\/temoignages-des-etudiants-dechange\/\"},{\"@type\":\"ListItem\",\"position\":4,\"name\":\"Cristina, en Afrique du Sud\"}]},{\"@type\":\"WebSite\",\"@id\":\"https:\/\/www.afs.ch\/fr\/#website\",\"url\":\"https:\/\/www.afs.ch\/fr\/\",\"name\":\"Interkulturelle Programme\",\"description\":\"Switzerland\",\"potentialAction\":[{\"@type\":\"SearchAction\",\"target\":{\"@type\":\"EntryPoint\",\"urlTemplate\":\"https:\/\/www.afs.ch\/fr\/?s={search_term_string}\"},\"query-input\":{\"@type\":\"PropertyValueSpecification\",\"valueRequired\":true,\"valueName\":\"search_term_string\"}}],\"inLanguage\":\"fr-FR\"}]}<\/script>\n<!-- \/ Yoast SEO plugin. -->","yoast_head_json":{"title":"Cristina, en Afrique du Sud - Intercultural Programs","robots":{"index":"index","follow":"follow","max-snippet":"max-snippet:-1","max-image-preview":"max-image-preview:large","max-video-preview":"max-video-preview:-1"},"canonical":"https:\/\/www.afs.ch\/fr\/programmes-scolaires\/temoignages-des-etudiants-dechange\/cristina-en-afrique-du-sud\/","og_locale":"fr_FR","og_type":"article","og_title":"Cristina, en Afrique du Sud - Intercultural Programs","og_description":"Mon histoire AFS J\u2019ai eu l\u2019occasion de retourner \u00e0 l\u2019endroit o\u00f9 j\u2019avais fait un s\u00e9jour linguistique 2 ans plus t\u00f4t:&hellip;","og_url":"https:\/\/www.afs.ch\/fr\/programmes-scolaires\/temoignages-des-etudiants-dechange\/cristina-en-afrique-du-sud\/","og_site_name":"Intercultural Programs","article_publisher":"https:\/\/www.facebook.com\/afsswitzerland\/","article_modified_time":"2021-03-19T13:25:02+00:00","twitter_card":"summary_large_image","twitter_site":"@afs_ch","twitter_misc":{"Est. reading time":"1 minute"},"schema":{"@context":"https:\/\/schema.org","@graph":[{"@type":"WebPage","@id":"https:\/\/www.afs.ch\/fr\/programmes-scolaires\/temoignages-des-etudiants-dechange\/cristina-en-afrique-du-sud\/","url":"https:\/\/www.afs.ch\/fr\/programmes-scolaires\/temoignages-des-etudiants-dechange\/cristina-en-afrique-du-sud\/","name":"Cristina, en Afrique du Sud - Intercultural Programs","isPartOf":{"@id":"https:\/\/www.afs.ch\/fr\/#website"},"datePublished":"2017-12-06T12:36:48+00:00","dateModified":"2021-03-19T13:25:02+00:00","breadcrumb":{"@id":"https:\/\/www.afs.ch\/fr\/programmes-scolaires\/temoignages-des-etudiants-dechange\/cristina-en-afrique-du-sud\/#breadcrumb"},"inLanguage":"fr-FR","potentialAction":[{"@type":"ReadAction","target":["https:\/\/www.afs.ch\/fr\/programmes-scolaires\/temoignages-des-etudiants-dechange\/cristina-en-afrique-du-sud\/"]}]},{"@type":"BreadcrumbList","@id":"https:\/\/www.afs.ch\/fr\/programmes-scolaires\/temoignages-des-etudiants-dechange\/cristina-en-afrique-du-sud\/#breadcrumb","itemListElement":[{"@type":"ListItem","position":1,"name":"Home","item":"https:\/\/switzerland.afssite.afs.org\/fr\/"},{"@type":"ListItem","position":2,"name":"Programmes scolaires pour adolescents","item":"https:\/\/switzerland.afssite.afs.org\/fr\/programmes-scolaires\/"},{"@type":"ListItem","position":3,"name":"T\u00e9moignages de nos \u00e9tudiants en programme d&rsquo;\u00e9change","item":"https:\/\/switzerland.afssite.afs.org\/fr\/programmes-scolaires\/temoignages-des-etudiants-dechange\/"},{"@type":"ListItem","position":4,"name":"Cristina, en Afrique du Sud"}]},{"@type":"WebSite","@id":"https:\/\/www.afs.ch\/fr\/#website","url":"https:\/\/www.afs.ch\/fr\/","name":"Interkulturelle Programme","description":"Switzerland","potentialAction":[{"@type":"SearchAction","target":{"@type":"EntryPoint","urlTemplate":"https:\/\/www.afs.ch\/fr\/?s={search_term_string}"},"query-input":{"@type":"PropertyValueSpecification","valueRequired":true,"valueName":"search_term_string"}}],"inLanguage":"fr-FR"}]}},"_links":{"self":[{"href":"https:\/\/www.afs.ch\/fr\/wp-json\/wp\/v2\/pages\/19276","targetHints":{"allow":["GET"]}}],"collection":[{"href":"https:\/\/www.afs.ch\/fr\/wp-json\/wp\/v2\/pages"}],"about":[{"href":"https:\/\/www.afs.ch\/fr\/wp-json\/wp\/v2\/types\/page"}],"author":[{"embeddable":true,"href":"https:\/\/www.afs.ch\/fr\/wp-json\/wp\/v2\/users\/380"}],"replies":[{"embeddable":true,"href":"https:\/\/www.afs.ch\/fr\/wp-json\/wp\/v2\/comments?post=19276"}],"version-history":[{"count":13,"href":"https:\/\/www.afs.ch\/fr\/wp-json\/wp\/v2\/pages\/19276\/revisions"}],"predecessor-version":[{"id":46810,"href":"https:\/\/www.afs.ch\/fr\/wp-json\/wp\/v2\/pages\/19276\/revisions\/46810"}],"up":[{"embeddable":true,"href":"https:\/\/www.afs.ch\/fr\/wp-json\/wp\/v2\/pages\/16696"}],"wp:attachment":[{"href":"https:\/\/www.afs.ch\/fr\/wp-json\/wp\/v2\/media?parent=19276"}],"curies":[{"name":"wp","href":"https:\/\/api.w.org\/{rel}","templated":true}]}}

<p><strong>Mon histoire AFS</strong></p>
<p>J’ai eu l’occasion de retourner à l’endroit où j’avais fait un séjour linguistique 2 ans plus tôt: Hambourg en Allemagne. La grande sœur de ma correspondante venait de rentrer d’un programme scolaire aux États-Unis et les retours de son expérience étaient très positifs. L’idée a ainsi commencé à faire son chemin dans ma tête.</p>
<p>À mon retour en Suisse, après de longues heures de recherche sur le web, j’ai fini par demander à mes parents si c’était envisageable que je parte une année après ma scolarité obligatoire en programme d&rsquo;échange avec AFS. De longues heures de discussions se sont imposées pour, au final, une réponse positive! J’ai choisi de partir 10 mois en Afrique du Sud car c’est un pays anglophone lointain, plutôt chaud, et dans lequel beaucoup de cultures se côtoient.</p>

<p>Mon histoire AFS J’ai eu l’occasion de retourner à l’endroit où j’avais fait un séjour linguistique 2 ans plus tôt:&hellip;</p>

<!-- This site is optimized with the Yoast SEO plugin v26.6 - https://yoast.com/wordpress/plugins/seo/ -->
<title>Cristina, en Afrique du Sud - Intercultural Programs</title>
<meta name="robots" content="index, follow, max-snippet:-1, max-image-preview:large, max-video-preview:-1" />
<link rel="canonical" href="https://www.afs.ch/fr/programmes-scolaires/temoignages-des-etudiants-dechange/cristina-en-afrique-du-sud/" />
<meta property="og:locale" content="fr_FR" />
<meta property="og:type" content="article" />
<meta property="og:title" content="Cristina, en Afrique du Sud - Intercultural Programs" />
<meta property="og:description" content="Mon histoire AFS J’ai eu l’occasion de retourner à l’endroit où j’avais fait un séjour linguistique 2 ans plus tôt:&hellip;" />
<meta property="og:url" content="https://www.afs.ch/fr/programmes-scolaires/temoignages-des-etudiants-dechange/cristina-en-afrique-du-sud/" />
<meta property="og:site_name" content="Intercultural Programs" />
<meta property="article:publisher" content="https://www.facebook.com/afsswitzerland/" />
<meta property="article:modified_time" content="2021-03-19T13:25:02+00:00" />
<meta name="twitter:card" content="summary_large_image" />
<meta name="twitter:site" content="@afs_ch" />
<meta name="twitter:label1" content="Est. reading time" />
	<meta name="twitter:data1" content="1 minute" />
<script type="application/ld+json" class="yoast-schema-graph">{"@context":"https://schema.org","@graph":[{"@type":"WebPage","@id":"https://www.afs.ch/fr/programmes-scolaires/temoignages-des-etudiants-dechange/cristina-en-afrique-du-sud/","url":"https://www.afs.ch/fr/programmes-scolaires/temoignages-des-etudiants-dechange/cristina-en-afrique-du-sud/","name":"Cristina, en Afrique du Sud - Intercultural Programs","isPartOf":{"@id":"https://www.afs.ch/fr/#website"},"datePublished":"2017-12-06T12:36:48+00:00","dateModified":"2021-03-19T13:25:02+00:00","breadcrumb":{"@id":"https://www.afs.ch/fr/programmes-scolaires/temoignages-des-etudiants-dechange/cristina-en-afrique-du-sud/#breadcrumb"},"inLanguage":"fr-FR","potentialAction":[{"@type":"ReadAction","target":["https://www.afs.ch/fr/programmes-scolaires/temoignages-des-etudiants-dechange/cristina-en-afrique-du-sud/"]}]},{"@type":"BreadcrumbList","@id":"https://www.afs.ch/fr/programmes-scolaires/temoignages-des-etudiants-dechange/cristina-en-afrique-du-sud/#breadcrumb","itemListElement":[{"@type":"ListItem","position":1,"name":"Home","item":"https://switzerland.afssite.afs.org/fr/"},{"@type":"ListItem","position":2,"name":"Programmes scolaires pour adolescents","item":"https://switzerland.afssite.afs.org/fr/programmes-scolaires/"},{"@type":"ListItem","position":3,"name":"Témoignages de nos étudiants en programme d&rsquo;échange","item":"https://switzerland.afssite.afs.org/fr/programmes-scolaires/temoignages-des-etudiants-dechange/"},{"@type":"ListItem","position":4,"name":"Cristina, en Afrique du Sud"}]},{"@type":"WebSite","@id":"https://www.afs.ch/fr/#website","url":"https://www.afs.ch/fr/","name":"Interkulturelle Programme","description":"Switzerland","potentialAction":[{"@type":"SearchAction","target":{"@type":"EntryPoint","urlTemplate":"https://www.afs.ch/fr/?s={search_term_string}"},"query-input":{"@type":"PropertyValueSpecification","valueRequired":true,"valueName":"search_term_string"}}],"inLanguage":"fr-FR"}]}</script>
<!-- / Yoast SEO plugin. -->

Mon histoire AFS J’ai eu l’occasion de retourner à l’endroit où j’avais fait un séjour linguistique 2 ans plus tôt:&hellip;

Témoignages de nos étudiants en programme d&rsquo;échange
