{"id":47802,"date":"2021-05-25T11:52:23","date_gmt":"2021-05-25T10:52:23","guid":{"rendered":"https:\/\/www.afs.ch\/?page_id=47802"},"modified":"2021-07-29T13:25:17","modified_gmt":"2021-07-29T12:25:17","slug":"temoignages2","status":"publish","type":"page","link":"https:\/\/www.afs.ch\/fr\/temoignages2\/","title":{"rendered":"Nos \u00e9tudiants d&rsquo;\u00e9change en temps de Corona racontent leur exp\u00e9rience"},"content":{"rendered":"<p>En pleine pand\u00e9mie mondiale, nos courageux participants AFS nous partagent en toute authenticit\u00e9 leurs exp\u00e9riences durant cette ann\u00e9e quelque peu mouvement\u00e9e!\u00a0<span style=\"color: #000000;\">La situation qu&rsquo;ils relatent peut avoir chang\u00e9 depuis, il est possible que certaines mesures<\/span><span style=\"color: #3b444f;\">\/ restrictions li\u00e9es au Coronavirus et mentionn\u00e9es dans les textes ci-dessous, ne soient plus d\u2019actualit\u00e9.<\/span><\/p>\n<p>Pour d\u00e9couvrir d\u2019autres t\u00e9moignages de nos valeureux \u00e9tudiants nous vous invitons \u00e0 lire l\u2019\u00e9dition 2021 du Across.<\/p>\n<p><a class=\"button outline\" href=\"https:\/\/d22dvihj4pfop3.cloudfront.net\/wp-content\/uploads\/sites\/71\/2021\/07\/01113736\/AFS-Across-2021_f.pdf\">Across 2021<\/a><\/p>\n","protected":false},"excerpt":{"rendered":"<p>En pleine pand\u00e9mie mondiale, nos courageux participants AFS nous partagent en toute authenticit\u00e9 leurs exp\u00e9riences durant cette ann\u00e9e quelque peu&hellip;<\/p>\n","protected":false},"author":967,"featured_media":0,"parent":0,"menu_order":0,"comment_status":"closed","ping_status":"closed","template":"","meta":{"footnotes":""},"class_list":["post-47802","page","type-page","status-publish","hentry"],"yoast_head":"<!-- This site is optimized with the Yoast SEO plugin v26.6 - https:\/\/yoast.com\/wordpress\/plugins\/seo\/ -->\n<title>Nos \u00e9tudiants d&#039;\u00e9change en temps de Corona racontent leur exp\u00e9rience - Intercultural Programs<\/title>\n<meta name=\"robots\" content=\"index, follow, max-snippet:-1, max-image-preview:large, max-video-preview:-1\" \/>\n<link rel=\"canonical\" href=\"https:\/\/www.afs.ch\/fr\/temoignages2\/\" \/>\n<meta property=\"og:locale\" content=\"fr_FR\" \/>\n<meta property=\"og:type\" content=\"article\" \/>\n<meta property=\"og:title\" content=\"Nos \u00e9tudiants d&#039;\u00e9change en temps de Corona racontent leur exp\u00e9rience - Intercultural Programs\" \/>\n<meta property=\"og:description\" content=\"En pleine pand\u00e9mie mondiale, nos courageux participants AFS nous partagent en toute authenticit\u00e9 leurs exp\u00e9riences durant cette ann\u00e9e quelque peu&hellip;\" \/>\n<meta property=\"og:url\" content=\"https:\/\/www.afs.ch\/fr\/temoignages2\/\" \/>\n<meta property=\"og:site_name\" content=\"Intercultural Programs\" \/>\n<meta property=\"article:publisher\" content=\"https:\/\/www.facebook.com\/afsswitzerland\/\" \/>\n<meta property=\"article:modified_time\" content=\"2021-07-29T12:25:17+00:00\" \/>\n<meta name=\"twitter:card\" content=\"summary_large_image\" \/>\n<meta name=\"twitter:site\" content=\"@afs_ch\" \/>\n<script type=\"application\/ld+json\" class=\"yoast-schema-graph\">{\"@context\":\"https:\/\/schema.org\",\"@graph\":[{\"@type\":\"WebPage\",\"@id\":\"https:\/\/www.afs.ch\/fr\/temoignages2\/\",\"url\":\"https:\/\/www.afs.ch\/fr\/temoignages2\/\",\"name\":\"Nos \u00e9tudiants d'\u00e9change en temps de Corona racontent leur exp\u00e9rience - Intercultural Programs\",\"isPartOf\":{\"@id\":\"https:\/\/www.afs.ch\/fr\/#website\"},\"datePublished\":\"2021-05-25T10:52:23+00:00\",\"dateModified\":\"2021-07-29T12:25:17+00:00\",\"breadcrumb\":{\"@id\":\"https:\/\/www.afs.ch\/fr\/temoignages2\/#breadcrumb\"},\"inLanguage\":\"fr-FR\",\"potentialAction\":[{\"@type\":\"ReadAction\",\"target\":[\"https:\/\/www.afs.ch\/fr\/temoignages2\/\"]}]},{\"@type\":\"BreadcrumbList\",\"@id\":\"https:\/\/www.afs.ch\/fr\/temoignages2\/#breadcrumb\",\"itemListElement\":[{\"@type\":\"ListItem\",\"position\":1,\"name\":\"Home\",\"item\":\"https:\/\/switzerland.afssite.afs.org\/fr\/\"},{\"@type\":\"ListItem\",\"position\":2,\"name\":\"Nos \u00e9tudiants d&rsquo;\u00e9change en temps de Corona racontent leur exp\u00e9rience\"}]},{\"@type\":\"WebSite\",\"@id\":\"https:\/\/www.afs.ch\/fr\/#website\",\"url\":\"https:\/\/www.afs.ch\/fr\/\",\"name\":\"Interkulturelle Programme\",\"description\":\"Switzerland\",\"potentialAction\":[{\"@type\":\"SearchAction\",\"target\":{\"@type\":\"EntryPoint\",\"urlTemplate\":\"https:\/\/www.afs.ch\/fr\/?s={search_term_string}\"},\"query-input\":{\"@type\":\"PropertyValueSpecification\",\"valueRequired\":true,\"valueName\":\"search_term_string\"}}],\"inLanguage\":\"fr-FR\"}]}<\/script>\n<!-- \/ Yoast SEO plugin. -->","yoast_head_json":{"title":"Nos \u00e9tudiants d'\u00e9change en temps de Corona racontent leur exp\u00e9rience - Intercultural Programs","robots":{"index":"index","follow":"follow","max-snippet":"max-snippet:-1","max-image-preview":"max-image-preview:large","max-video-preview":"max-video-preview:-1"},"canonical":"https:\/\/www.afs.ch\/fr\/temoignages2\/","og_locale":"fr_FR","og_type":"article","og_title":"Nos \u00e9tudiants d'\u00e9change en temps de Corona racontent leur exp\u00e9rience - Intercultural Programs","og_description":"En pleine pand\u00e9mie mondiale, nos courageux participants AFS nous partagent en toute authenticit\u00e9 leurs exp\u00e9riences durant cette ann\u00e9e quelque peu&hellip;","og_url":"https:\/\/www.afs.ch\/fr\/temoignages2\/","og_site_name":"Intercultural Programs","article_publisher":"https:\/\/www.facebook.com\/afsswitzerland\/","article_modified_time":"2021-07-29T12:25:17+00:00","twitter_card":"summary_large_image","twitter_site":"@afs_ch","schema":{"@context":"https:\/\/schema.org","@graph":[{"@type":"WebPage","@id":"https:\/\/www.afs.ch\/fr\/temoignages2\/","url":"https:\/\/www.afs.ch\/fr\/temoignages2\/","name":"Nos \u00e9tudiants d'\u00e9change en temps de Corona racontent leur exp\u00e9rience - Intercultural Programs","isPartOf":{"@id":"https:\/\/www.afs.ch\/fr\/#website"},"datePublished":"2021-05-25T10:52:23+00:00","dateModified":"2021-07-29T12:25:17+00:00","breadcrumb":{"@id":"https:\/\/www.afs.ch\/fr\/temoignages2\/#breadcrumb"},"inLanguage":"fr-FR","potentialAction":[{"@type":"ReadAction","target":["https:\/\/www.afs.ch\/fr\/temoignages2\/"]}]},{"@type":"BreadcrumbList","@id":"https:\/\/www.afs.ch\/fr\/temoignages2\/#breadcrumb","itemListElement":[{"@type":"ListItem","position":1,"name":"Home","item":"https:\/\/switzerland.afssite.afs.org\/fr\/"},{"@type":"ListItem","position":2,"name":"Nos \u00e9tudiants d&rsquo;\u00e9change en temps de Corona racontent leur exp\u00e9rience"}]},{"@type":"WebSite","@id":"https:\/\/www.afs.ch\/fr\/#website","url":"https:\/\/www.afs.ch\/fr\/","name":"Interkulturelle Programme","description":"Switzerland","potentialAction":[{"@type":"SearchAction","target":{"@type":"EntryPoint","urlTemplate":"https:\/\/www.afs.ch\/fr\/?s={search_term_string}"},"query-input":{"@type":"PropertyValueSpecification","valueRequired":true,"valueName":"search_term_string"}}],"inLanguage":"fr-FR"}]}},"_links":{"self":[{"href":"https:\/\/www.afs.ch\/fr\/wp-json\/wp\/v2\/pages\/47802","targetHints":{"allow":["GET"]}}],"collection":[{"href":"https:\/\/www.afs.ch\/fr\/wp-json\/wp\/v2\/pages"}],"about":[{"href":"https:\/\/www.afs.ch\/fr\/wp-json\/wp\/v2\/types\/page"}],"author":[{"embeddable":true,"href":"https:\/\/www.afs.ch\/fr\/wp-json\/wp\/v2\/users\/967"}],"replies":[{"embeddable":true,"href":"https:\/\/www.afs.ch\/fr\/wp-json\/wp\/v2\/comments?post=47802"}],"version-history":[{"count":36,"href":"https:\/\/www.afs.ch\/fr\/wp-json\/wp\/v2\/pages\/47802\/revisions"}],"predecessor-version":[{"id":48385,"href":"https:\/\/www.afs.ch\/fr\/wp-json\/wp\/v2\/pages\/47802\/revisions\/48385"}],"wp:attachment":[{"href":"https:\/\/www.afs.ch\/fr\/wp-json\/wp\/v2\/media?parent=47802"}],"curies":[{"name":"wp","href":"https:\/\/api.w.org\/{rel}","templated":true}]}}

Nos étudiants d&rsquo;échange en temps de Corona racontent leur expérience

<p>En pleine pandémie mondiale, nos courageux participants AFS nous partagent en toute authenticité leurs expériences durant cette année quelque peu mouvementée! <span style="color: #000000;">La situation qu&rsquo;ils relatent peut avoir changé depuis, il est possible que certaines mesures</span><span style="color: #3b444f;">/ restrictions liées au Coronavirus et mentionnées dans les textes ci-dessous, ne soient plus d’actualité.</span></p>
<p>Pour découvrir d’autres témoignages de nos valeureux étudiants nous vous invitons à lire l’édition 2021 du Across.</p>
<p><a class="button outline" href="https://d22dvihj4pfop3.cloudfront.net/wp-content/uploads/sites/71/2021/07/01113736/AFS-Across-2021_f.pdf">Across 2021</a></p>

<p>En pleine pandémie mondiale, nos courageux participants AFS nous partagent en toute authenticité leurs expériences durant cette année quelque peu&hellip;</p>

<!-- This site is optimized with the Yoast SEO plugin v26.6 - https://yoast.com/wordpress/plugins/seo/ -->
<title>Nos étudiants d&#039;échange en temps de Corona racontent leur expérience - Intercultural Programs</title>
<meta name="robots" content="index, follow, max-snippet:-1, max-image-preview:large, max-video-preview:-1" />
<link rel="canonical" href="https://www.afs.ch/fr/temoignages2/" />
<meta property="og:locale" content="fr_FR" />
<meta property="og:type" content="article" />
<meta property="og:title" content="Nos étudiants d&#039;échange en temps de Corona racontent leur expérience - Intercultural Programs" />
<meta property="og:description" content="En pleine pandémie mondiale, nos courageux participants AFS nous partagent en toute authenticité leurs expériences durant cette année quelque peu&hellip;" />
<meta property="og:url" content="https://www.afs.ch/fr/temoignages2/" />
<meta property="og:site_name" content="Intercultural Programs" />
<meta property="article:publisher" content="https://www.facebook.com/afsswitzerland/" />
<meta property="article:modified_time" content="2021-07-29T12:25:17+00:00" />
<meta name="twitter:card" content="summary_large_image" />
<meta name="twitter:site" content="@afs_ch" />
<script type="application/ld+json" class="yoast-schema-graph">{"@context":"https://schema.org","@graph":[{"@type":"WebPage","@id":"https://www.afs.ch/fr/temoignages2/","url":"https://www.afs.ch/fr/temoignages2/","name":"Nos étudiants d'échange en temps de Corona racontent leur expérience - Intercultural Programs","isPartOf":{"@id":"https://www.afs.ch/fr/#website"},"datePublished":"2021-05-25T10:52:23+00:00","dateModified":"2021-07-29T12:25:17+00:00","breadcrumb":{"@id":"https://www.afs.ch/fr/temoignages2/#breadcrumb"},"inLanguage":"fr-FR","potentialAction":[{"@type":"ReadAction","target":["https://www.afs.ch/fr/temoignages2/"]}]},{"@type":"BreadcrumbList","@id":"https://www.afs.ch/fr/temoignages2/#breadcrumb","itemListElement":[{"@type":"ListItem","position":1,"name":"Home","item":"https://switzerland.afssite.afs.org/fr/"},{"@type":"ListItem","position":2,"name":"Nos étudiants d&rsquo;échange en temps de Corona racontent leur expérience"}]},{"@type":"WebSite","@id":"https://www.afs.ch/fr/#website","url":"https://www.afs.ch/fr/","name":"Interkulturelle Programme","description":"Switzerland","potentialAction":[{"@type":"SearchAction","target":{"@type":"EntryPoint","urlTemplate":"https://www.afs.ch/fr/?s={search_term_string}"},"query-input":{"@type":"PropertyValueSpecification","valueRequired":true,"valueName":"search_term_string"}}],"inLanguage":"fr-FR"}]}</script>
<!-- / Yoast SEO plugin. -->

Nos étudiants d'échange en temps de Corona racontent leur expérience - Intercultural Programs

En pleine pandémie mondiale, nos courageux participants AFS nous partagent en toute authenticité leurs expériences durant cette année quelque peu&hellip;
