{"id":54593,"date":"2023-10-17T08:58:06","date_gmt":"2023-10-17T07:58:06","guid":{"rendered":"https:\/\/www.afs.ch\/?page_id=54593"},"modified":"2025-05-22T07:19:18","modified_gmt":"2025-05-22T06:19:18","slug":"devenir-membre","status":"publish","type":"page","link":"https:\/\/www.afs.ch\/fr\/devenir-membre\/","title":{"rendered":"Devenir membre"},"content":{"rendered":"<div><\/div>\n<div>\n<p style=\"text-align: justify;\">Toute personne d\u00e9sireuse de soutenir ou de contribuer \u00e0 fa\u00e7onner l&rsquo;id\u00e9e de compr\u00e9hension internationale par le biais d&rsquo;\u00e9changes interculturels peut devenir membre de l&rsquo;AFS. En tant que membre d&rsquo;AFS Suisse, vous participez activement \u00e0 fa\u00e7onner l&rsquo;avenir de l&rsquo;organisation. Vous aurez l&rsquo;opportunit\u00e9 de prendre part \u00e0 l&rsquo;assembl\u00e9e g\u00e9n\u00e9rale et de rester inform\u00e9\u00b7e des derni\u00e8res actualit\u00e9s du r\u00e9seau. De plus, vous recevrez nos deux publications, le magazine m\u00e9c\u00e8ne \u00ab\u00a0Spotlight\u00a0\u00bb et le magazine des membres \u00ab\u00a0ACROSS\u00a0\u00bb. La cotisation annuelle s&rsquo;\u00e9l\u00e8ve \u00e0 100 CHF, et pour les personnes de moins de 30 ans, elle est de 20 CHF.<\/p>\n<p style=\"text-align: justify;\">\n<\/div>\n","protected":false},"excerpt":{"rendered":"<p>Toute personne d\u00e9sireuse de soutenir ou de contribuer \u00e0 fa\u00e7onner l&rsquo;id\u00e9e de compr\u00e9hension internationale par le biais d&rsquo;\u00e9changes interculturels peut&hellip;<\/p>\n","protected":false},"author":938,"featured_media":0,"parent":0,"menu_order":0,"comment_status":"closed","ping_status":"closed","template":"","meta":{"footnotes":""},"class_list":["post-54593","page","type-page","status-publish","hentry"],"yoast_head":"<!-- This site is optimized with the Yoast SEO plugin v26.6 - https:\/\/yoast.com\/wordpress\/plugins\/seo\/ -->\n<title>Devenir membre - Intercultural Programs<\/title>\n<meta name=\"robots\" content=\"index, follow, max-snippet:-1, max-image-preview:large, max-video-preview:-1\" \/>\n<link rel=\"canonical\" href=\"https:\/\/www.afs.ch\/fr\/devenir-membre\/\" \/>\n<meta property=\"og:locale\" content=\"fr_FR\" \/>\n<meta property=\"og:type\" content=\"article\" \/>\n<meta property=\"og:title\" content=\"Devenir membre - Intercultural Programs\" \/>\n<meta property=\"og:description\" content=\"Toute personne d\u00e9sireuse de soutenir ou de contribuer \u00e0 fa\u00e7onner l&rsquo;id\u00e9e de compr\u00e9hension internationale par le biais d&rsquo;\u00e9changes interculturels peut&hellip;\" \/>\n<meta property=\"og:url\" content=\"https:\/\/www.afs.ch\/fr\/devenir-membre\/\" \/>\n<meta property=\"og:site_name\" content=\"Intercultural Programs\" \/>\n<meta property=\"article:publisher\" content=\"https:\/\/www.facebook.com\/afsswitzerland\/\" \/>\n<meta property=\"article:modified_time\" content=\"2025-05-22T06:19:18+00:00\" \/>\n<meta name=\"twitter:card\" content=\"summary_large_image\" \/>\n<meta name=\"twitter:site\" content=\"@afs_ch\" \/>\n<meta name=\"twitter:label1\" content=\"Est. reading time\" \/>\n\t<meta name=\"twitter:data1\" content=\"1 minute\" \/>\n<script type=\"application\/ld+json\" class=\"yoast-schema-graph\">{\"@context\":\"https:\/\/schema.org\",\"@graph\":[{\"@type\":\"WebPage\",\"@id\":\"https:\/\/www.afs.ch\/fr\/devenir-membre\/\",\"url\":\"https:\/\/www.afs.ch\/fr\/devenir-membre\/\",\"name\":\"Devenir membre - Intercultural Programs\",\"isPartOf\":{\"@id\":\"https:\/\/www.afs.ch\/fr\/#website\"},\"datePublished\":\"2023-10-17T07:58:06+00:00\",\"dateModified\":\"2025-05-22T06:19:18+00:00\",\"breadcrumb\":{\"@id\":\"https:\/\/www.afs.ch\/fr\/devenir-membre\/#breadcrumb\"},\"inLanguage\":\"fr-FR\",\"potentialAction\":[{\"@type\":\"ReadAction\",\"target\":[\"https:\/\/www.afs.ch\/fr\/devenir-membre\/\"]}]},{\"@type\":\"BreadcrumbList\",\"@id\":\"https:\/\/www.afs.ch\/fr\/devenir-membre\/#breadcrumb\",\"itemListElement\":[{\"@type\":\"ListItem\",\"position\":1,\"name\":\"Home\",\"item\":\"https:\/\/switzerland.afssite.afs.org\/fr\/\"},{\"@type\":\"ListItem\",\"position\":2,\"name\":\"Devenir membre\"}]},{\"@type\":\"WebSite\",\"@id\":\"https:\/\/www.afs.ch\/fr\/#website\",\"url\":\"https:\/\/www.afs.ch\/fr\/\",\"name\":\"Interkulturelle Programme\",\"description\":\"Switzerland\",\"potentialAction\":[{\"@type\":\"SearchAction\",\"target\":{\"@type\":\"EntryPoint\",\"urlTemplate\":\"https:\/\/www.afs.ch\/fr\/?s={search_term_string}\"},\"query-input\":{\"@type\":\"PropertyValueSpecification\",\"valueRequired\":true,\"valueName\":\"search_term_string\"}}],\"inLanguage\":\"fr-FR\"}]}<\/script>\n<!-- \/ Yoast SEO plugin. -->","yoast_head_json":{"title":"Devenir membre - Intercultural Programs","robots":{"index":"index","follow":"follow","max-snippet":"max-snippet:-1","max-image-preview":"max-image-preview:large","max-video-preview":"max-video-preview:-1"},"canonical":"https:\/\/www.afs.ch\/fr\/devenir-membre\/","og_locale":"fr_FR","og_type":"article","og_title":"Devenir membre - Intercultural Programs","og_description":"Toute personne d\u00e9sireuse de soutenir ou de contribuer \u00e0 fa\u00e7onner l&rsquo;id\u00e9e de compr\u00e9hension internationale par le biais d&rsquo;\u00e9changes interculturels peut&hellip;","og_url":"https:\/\/www.afs.ch\/fr\/devenir-membre\/","og_site_name":"Intercultural Programs","article_publisher":"https:\/\/www.facebook.com\/afsswitzerland\/","article_modified_time":"2025-05-22T06:19:18+00:00","twitter_card":"summary_large_image","twitter_site":"@afs_ch","twitter_misc":{"Est. reading time":"1 minute"},"schema":{"@context":"https:\/\/schema.org","@graph":[{"@type":"WebPage","@id":"https:\/\/www.afs.ch\/fr\/devenir-membre\/","url":"https:\/\/www.afs.ch\/fr\/devenir-membre\/","name":"Devenir membre - Intercultural Programs","isPartOf":{"@id":"https:\/\/www.afs.ch\/fr\/#website"},"datePublished":"2023-10-17T07:58:06+00:00","dateModified":"2025-05-22T06:19:18+00:00","breadcrumb":{"@id":"https:\/\/www.afs.ch\/fr\/devenir-membre\/#breadcrumb"},"inLanguage":"fr-FR","potentialAction":[{"@type":"ReadAction","target":["https:\/\/www.afs.ch\/fr\/devenir-membre\/"]}]},{"@type":"BreadcrumbList","@id":"https:\/\/www.afs.ch\/fr\/devenir-membre\/#breadcrumb","itemListElement":[{"@type":"ListItem","position":1,"name":"Home","item":"https:\/\/switzerland.afssite.afs.org\/fr\/"},{"@type":"ListItem","position":2,"name":"Devenir membre"}]},{"@type":"WebSite","@id":"https:\/\/www.afs.ch\/fr\/#website","url":"https:\/\/www.afs.ch\/fr\/","name":"Interkulturelle Programme","description":"Switzerland","potentialAction":[{"@type":"SearchAction","target":{"@type":"EntryPoint","urlTemplate":"https:\/\/www.afs.ch\/fr\/?s={search_term_string}"},"query-input":{"@type":"PropertyValueSpecification","valueRequired":true,"valueName":"search_term_string"}}],"inLanguage":"fr-FR"}]}},"_links":{"self":[{"href":"https:\/\/www.afs.ch\/fr\/wp-json\/wp\/v2\/pages\/54593","targetHints":{"allow":["GET"]}}],"collection":[{"href":"https:\/\/www.afs.ch\/fr\/wp-json\/wp\/v2\/pages"}],"about":[{"href":"https:\/\/www.afs.ch\/fr\/wp-json\/wp\/v2\/types\/page"}],"author":[{"embeddable":true,"href":"https:\/\/www.afs.ch\/fr\/wp-json\/wp\/v2\/users\/938"}],"replies":[{"embeddable":true,"href":"https:\/\/www.afs.ch\/fr\/wp-json\/wp\/v2\/comments?post=54593"}],"version-history":[{"count":8,"href":"https:\/\/www.afs.ch\/fr\/wp-json\/wp\/v2\/pages\/54593\/revisions"}],"predecessor-version":[{"id":60218,"href":"https:\/\/www.afs.ch\/fr\/wp-json\/wp\/v2\/pages\/54593\/revisions\/60218"}],"wp:attachment":[{"href":"https:\/\/www.afs.ch\/fr\/wp-json\/wp\/v2\/media?parent=54593"}],"curies":[{"name":"wp","href":"https:\/\/api.w.org\/{rel}","templated":true}]}}

<div></div>
<div>
<p style="text-align: justify;">Toute personne désireuse de soutenir ou de contribuer à façonner l&rsquo;idée de compréhension internationale par le biais d&rsquo;échanges interculturels peut devenir membre de l&rsquo;AFS. En tant que membre d&rsquo;AFS Suisse, vous participez activement à façonner l&rsquo;avenir de l&rsquo;organisation. Vous aurez l&rsquo;opportunité de prendre part à l&rsquo;assemblée générale et de rester informé·e des dernières actualités du réseau. De plus, vous recevrez nos deux publications, le magazine mécène « Spotlight » et le magazine des membres « ACROSS ». La cotisation annuelle s&rsquo;élève à 100 CHF, et pour les personnes de moins de 30 ans, elle est de 20 CHF.</p>
<p style="text-align: justify;">
</div>

<p>Toute personne désireuse de soutenir ou de contribuer à façonner l&rsquo;idée de compréhension internationale par le biais d&rsquo;échanges interculturels peut&hellip;</p>

<!-- This site is optimized with the Yoast SEO plugin v26.6 - https://yoast.com/wordpress/plugins/seo/ -->
<title>Devenir membre - Intercultural Programs</title>
<meta name="robots" content="index, follow, max-snippet:-1, max-image-preview:large, max-video-preview:-1" />
<link rel="canonical" href="https://www.afs.ch/fr/devenir-membre/" />
<meta property="og:locale" content="fr_FR" />
<meta property="og:type" content="article" />
<meta property="og:title" content="Devenir membre - Intercultural Programs" />
<meta property="og:description" content="Toute personne désireuse de soutenir ou de contribuer à façonner l&rsquo;idée de compréhension internationale par le biais d&rsquo;échanges interculturels peut&hellip;" />
<meta property="og:url" content="https://www.afs.ch/fr/devenir-membre/" />
<meta property="og:site_name" content="Intercultural Programs" />
<meta property="article:publisher" content="https://www.facebook.com/afsswitzerland/" />
<meta property="article:modified_time" content="2025-05-22T06:19:18+00:00" />
<meta name="twitter:card" content="summary_large_image" />
<meta name="twitter:site" content="@afs_ch" />
<meta name="twitter:label1" content="Est. reading time" />
	<meta name="twitter:data1" content="1 minute" />
<script type="application/ld+json" class="yoast-schema-graph">{"@context":"https://schema.org","@graph":[{"@type":"WebPage","@id":"https://www.afs.ch/fr/devenir-membre/","url":"https://www.afs.ch/fr/devenir-membre/","name":"Devenir membre - Intercultural Programs","isPartOf":{"@id":"https://www.afs.ch/fr/#website"},"datePublished":"2023-10-17T07:58:06+00:00","dateModified":"2025-05-22T06:19:18+00:00","breadcrumb":{"@id":"https://www.afs.ch/fr/devenir-membre/#breadcrumb"},"inLanguage":"fr-FR","potentialAction":[{"@type":"ReadAction","target":["https://www.afs.ch/fr/devenir-membre/"]}]},{"@type":"BreadcrumbList","@id":"https://www.afs.ch/fr/devenir-membre/#breadcrumb","itemListElement":[{"@type":"ListItem","position":1,"name":"Home","item":"https://switzerland.afssite.afs.org/fr/"},{"@type":"ListItem","position":2,"name":"Devenir membre"}]},{"@type":"WebSite","@id":"https://www.afs.ch/fr/#website","url":"https://www.afs.ch/fr/","name":"Interkulturelle Programme","description":"Switzerland","potentialAction":[{"@type":"SearchAction","target":{"@type":"EntryPoint","urlTemplate":"https://www.afs.ch/fr/?s={search_term_string}"},"query-input":{"@type":"PropertyValueSpecification","valueRequired":true,"valueName":"search_term_string"}}],"inLanguage":"fr-FR"}]}</script>
<!-- / Yoast SEO plugin. -->

Toute personne désireuse de soutenir ou de contribuer à façonner l&rsquo;idée de compréhension internationale par le biais d&rsquo;échanges interculturels peut&hellip;
