{"id":55564,"date":"2024-03-05T15:25:50","date_gmt":"2024-03-05T14:25:50","guid":{"rendered":"https:\/\/www.afs.ch\/?page_id=55564"},"modified":"2024-05-27T15:34:38","modified_gmt":"2024-05-27T14:34:38","slug":"devenir-famille-daccueil","status":"publish","type":"page","link":"https:\/\/www.afs.ch\/fr\/famille-daccueil\/devenir-famille-daccueil\/","title":{"rendered":"Devenir <br> famille d&rsquo;accueil"},"content":{"rendered":"<nav class=\"full-width-navigation\">\n<ul>\n<li><a class=\"active\" href=\"https:\/\/www.afs.ch\/fr\/?page_id=55564\">DEVENIR FAMILLE D&rsquo;ACCUEIL<\/a><\/li>\n<li><a href=\"https:\/\/www.afs.ch\/fr\/?page_id=55621\">NOS \u00c9TUDIANTS<\/a><\/li>\n<li><a href=\"https:\/\/www.afs.ch\/fr\/?page_id=55583\">SOIR\u00c9ES D&rsquo;INFORMATION<\/a><\/li>\n<li><a href=\"https:\/\/www.afs.ch\/fr\/?page_id=55642\">FOIRE AUX QUESTIONS<\/a><\/li>\n<\/ul>\n<hr \/>\n<\/nav>\n<style>.active {background-color: #1c7abf; color: white !important; } .full-width-navigation {max-width: 100vw !important; transform: translate(0, 62px)} .full-width-navigation ul {list-style: none; margin: -88px 0 -48px 0; padding: 0; text-align: center;} .full-width-navigation ul li {display: inline-block; margin: 0;} .full-width-navigation ul li a {display: block; padding: 15px 20px; color: rgb(73, 68, 82); text-decoration: none; font-weight: 900; font-size: 13px !important;} .full-width-navigation ul li a:hover { color: #007AC2; } @media (max-width: 1260px) { .full-width-navigation { display: none; }} hr { margin-left: -100% !important; margin-right: -100% !important;}<\/style>\n<style>.cw-staggered-double {padding: 30px;}<\/style>\n","protected":false},"excerpt":{"rendered":"<p>DEVENIR FAMILLE D&rsquo;ACCUEIL NOS \u00c9TUDIANTS SOIR\u00c9ES D&rsquo;INFORMATION FOIRE AUX QUESTIONS<\/p>\n","protected":false},"author":938,"featured_media":55847,"parent":55269,"menu_order":3,"comment_status":"closed","ping_status":"closed","template":"","meta":{"footnotes":""},"class_list":["post-55564","page","type-page","status-publish","has-post-thumbnail","hentry"],"yoast_head":"<!-- This site is optimized with the Yoast SEO plugin v26.6 - https:\/\/yoast.com\/wordpress\/plugins\/seo\/ -->\n<title>Werden Sie eine Gastfamilie f\u00fcr einen Jugendaustausch<\/title>\n<meta name=\"description\" content=\"\u00d6ffnen Sie der Welt Ihr Zuhause und werden Sie eine Gastfamilie f\u00fcr einen Jugendaustausch.\" \/>\n<meta name=\"robots\" content=\"index, follow, max-snippet:-1, max-image-preview:large, max-video-preview:-1\" \/>\n<link rel=\"canonical\" href=\"https:\/\/www.afs.ch\/fr\/famille-daccueil\/devenir-famille-daccueil\/\" \/>\n<meta property=\"og:locale\" content=\"fr_FR\" \/>\n<meta property=\"og:type\" content=\"article\" \/>\n<meta property=\"og:title\" content=\"Werden Sie eine Gastfamilie f\u00fcr einen Jugendaustausch\" \/>\n<meta property=\"og:description\" content=\"\u00d6ffnen Sie der Welt Ihr Zuhause und werden Sie eine Gastfamilie f\u00fcr einen Jugendaustausch.\" \/>\n<meta property=\"og:url\" content=\"https:\/\/www.afs.ch\/fr\/famille-daccueil\/devenir-famille-daccueil\/\" \/>\n<meta property=\"og:site_name\" content=\"Intercultural Programs\" \/>\n<meta property=\"article:publisher\" content=\"https:\/\/www.facebook.com\/afsswitzerland\/\" \/>\n<meta property=\"article:modified_time\" content=\"2024-05-27T14:34:38+00:00\" \/>\n<meta property=\"og:image\" content=\"https:\/\/d22dvihj4pfop3.cloudfront.net\/wp-content\/uploads\/sites\/71\/2024\/02\/AdobeStock_91083533-1-e1710702006816-1200x630.jpeg\" \/>\n\t<meta property=\"og:image:width\" content=\"1200\" \/>\n\t<meta property=\"og:image:height\" content=\"630\" \/>\n\t<meta property=\"og:image:type\" content=\"image\/jpeg\" \/>\n<meta name=\"twitter:card\" content=\"summary_large_image\" \/>\n<meta name=\"twitter:site\" content=\"@afs_ch\" \/>\n<meta name=\"twitter:label1\" content=\"Est. reading time\" \/>\n\t<meta name=\"twitter:data1\" content=\"2 minutes\" \/>\n<script type=\"application\/ld+json\" class=\"yoast-schema-graph\">{\"@context\":\"https:\/\/schema.org\",\"@graph\":[{\"@type\":\"WebPage\",\"@id\":\"https:\/\/www.afs.ch\/fr\/famille-daccueil\/devenir-famille-daccueil\/\",\"url\":\"https:\/\/www.afs.ch\/fr\/famille-daccueil\/devenir-famille-daccueil\/\",\"name\":\"Werden Sie eine Gastfamilie f\u00fcr einen Jugendaustausch\",\"isPartOf\":{\"@id\":\"https:\/\/www.afs.ch\/fr\/#website\"},\"primaryImageOfPage\":{\"@id\":\"https:\/\/www.afs.ch\/fr\/famille-daccueil\/devenir-famille-daccueil\/#primaryimage\"},\"image\":{\"@id\":\"https:\/\/www.afs.ch\/fr\/famille-daccueil\/devenir-famille-daccueil\/#primaryimage\"},\"thumbnailUrl\":\"https:\/\/d22dvihj4pfop3.cloudfront.net\/wp-content\/uploads\/sites\/71\/2024\/02\/AdobeStock_91083533-1-e1710702006816.jpeg\",\"datePublished\":\"2024-03-05T14:25:50+00:00\",\"dateModified\":\"2024-05-27T14:34:38+00:00\",\"description\":\"\u00d6ffnen Sie der Welt Ihr Zuhause und werden Sie eine Gastfamilie f\u00fcr einen Jugendaustausch.\",\"breadcrumb\":{\"@id\":\"https:\/\/www.afs.ch\/fr\/famille-daccueil\/devenir-famille-daccueil\/#breadcrumb\"},\"inLanguage\":\"fr-FR\",\"potentialAction\":[{\"@type\":\"ReadAction\",\"target\":[\"https:\/\/www.afs.ch\/fr\/famille-daccueil\/devenir-famille-daccueil\/\"]}]},{\"@type\":\"ImageObject\",\"inLanguage\":\"fr-FR\",\"@id\":\"https:\/\/www.afs.ch\/fr\/famille-daccueil\/devenir-famille-daccueil\/#primaryimage\",\"url\":\"https:\/\/d22dvihj4pfop3.cloudfront.net\/wp-content\/uploads\/sites\/71\/2024\/02\/AdobeStock_91083533-1-e1710702006816.jpeg\",\"contentUrl\":\"https:\/\/d22dvihj4pfop3.cloudfront.net\/wp-content\/uploads\/sites\/71\/2024\/02\/AdobeStock_91083533-1-e1710702006816.jpeg\",\"width\":2048,\"height\":860,\"caption\":\"Family group sitting on a bridge in a forest, full length\"},{\"@type\":\"BreadcrumbList\",\"@id\":\"https:\/\/www.afs.ch\/fr\/famille-daccueil\/devenir-famille-daccueil\/#breadcrumb\",\"itemListElement\":[{\"@type\":\"ListItem\",\"position\":1,\"name\":\"Home\",\"item\":\"https:\/\/switzerland.afssite.afs.org\/fr\/\"},{\"@type\":\"ListItem\",\"position\":2,\"name\":\"Famille d&#8217;accueil AFS\",\"item\":\"https:\/\/switzerland.afssite.afs.org\/fr\/famille-daccueil\/\"},{\"@type\":\"ListItem\",\"position\":3,\"name\":\"Devenir famille d&rsquo;accueil\"}]},{\"@type\":\"WebSite\",\"@id\":\"https:\/\/www.afs.ch\/fr\/#website\",\"url\":\"https:\/\/www.afs.ch\/fr\/\",\"name\":\"Interkulturelle Programme\",\"description\":\"Switzerland\",\"potentialAction\":[{\"@type\":\"SearchAction\",\"target\":{\"@type\":\"EntryPoint\",\"urlTemplate\":\"https:\/\/www.afs.ch\/fr\/?s={search_term_string}\"},\"query-input\":{\"@type\":\"PropertyValueSpecification\",\"valueRequired\":true,\"valueName\":\"search_term_string\"}}],\"inLanguage\":\"fr-FR\"}]}<\/script>\n<!-- \/ Yoast SEO plugin. -->","yoast_head_json":{"title":"Werden Sie eine Gastfamilie f\u00fcr einen Jugendaustausch","description":"\u00d6ffnen Sie der Welt Ihr Zuhause und werden Sie eine Gastfamilie f\u00fcr einen Jugendaustausch.","robots":{"index":"index","follow":"follow","max-snippet":"max-snippet:-1","max-image-preview":"max-image-preview:large","max-video-preview":"max-video-preview:-1"},"canonical":"https:\/\/www.afs.ch\/fr\/famille-daccueil\/devenir-famille-daccueil\/","og_locale":"fr_FR","og_type":"article","og_title":"Werden Sie eine Gastfamilie f\u00fcr einen Jugendaustausch","og_description":"\u00d6ffnen Sie der Welt Ihr Zuhause und werden Sie eine Gastfamilie f\u00fcr einen Jugendaustausch.","og_url":"https:\/\/www.afs.ch\/fr\/famille-daccueil\/devenir-famille-daccueil\/","og_site_name":"Intercultural Programs","article_publisher":"https:\/\/www.facebook.com\/afsswitzerland\/","article_modified_time":"2024-05-27T14:34:38+00:00","og_image":[{"width":1200,"height":630,"url":"https:\/\/d22dvihj4pfop3.cloudfront.net\/wp-content\/uploads\/sites\/71\/2024\/02\/AdobeStock_91083533-1-e1710702006816-1200x630.jpeg","type":"image\/jpeg"}],"twitter_card":"summary_large_image","twitter_site":"@afs_ch","twitter_misc":{"Est. reading time":"2 minutes"},"schema":{"@context":"https:\/\/schema.org","@graph":[{"@type":"WebPage","@id":"https:\/\/www.afs.ch\/fr\/famille-daccueil\/devenir-famille-daccueil\/","url":"https:\/\/www.afs.ch\/fr\/famille-daccueil\/devenir-famille-daccueil\/","name":"Werden Sie eine Gastfamilie f\u00fcr einen Jugendaustausch","isPartOf":{"@id":"https:\/\/www.afs.ch\/fr\/#website"},"primaryImageOfPage":{"@id":"https:\/\/www.afs.ch\/fr\/famille-daccueil\/devenir-famille-daccueil\/#primaryimage"},"image":{"@id":"https:\/\/www.afs.ch\/fr\/famille-daccueil\/devenir-famille-daccueil\/#primaryimage"},"thumbnailUrl":"https:\/\/d22dvihj4pfop3.cloudfront.net\/wp-content\/uploads\/sites\/71\/2024\/02\/AdobeStock_91083533-1-e1710702006816.jpeg","datePublished":"2024-03-05T14:25:50+00:00","dateModified":"2024-05-27T14:34:38+00:00","description":"\u00d6ffnen Sie der Welt Ihr Zuhause und werden Sie eine Gastfamilie f\u00fcr einen Jugendaustausch.","breadcrumb":{"@id":"https:\/\/www.afs.ch\/fr\/famille-daccueil\/devenir-famille-daccueil\/#breadcrumb"},"inLanguage":"fr-FR","potentialAction":[{"@type":"ReadAction","target":["https:\/\/www.afs.ch\/fr\/famille-daccueil\/devenir-famille-daccueil\/"]}]},{"@type":"ImageObject","inLanguage":"fr-FR","@id":"https:\/\/www.afs.ch\/fr\/famille-daccueil\/devenir-famille-daccueil\/#primaryimage","url":"https:\/\/d22dvihj4pfop3.cloudfront.net\/wp-content\/uploads\/sites\/71\/2024\/02\/AdobeStock_91083533-1-e1710702006816.jpeg","contentUrl":"https:\/\/d22dvihj4pfop3.cloudfront.net\/wp-content\/uploads\/sites\/71\/2024\/02\/AdobeStock_91083533-1-e1710702006816.jpeg","width":2048,"height":860,"caption":"Family group sitting on a bridge in a forest, full length"},{"@type":"BreadcrumbList","@id":"https:\/\/www.afs.ch\/fr\/famille-daccueil\/devenir-famille-daccueil\/#breadcrumb","itemListElement":[{"@type":"ListItem","position":1,"name":"Home","item":"https:\/\/switzerland.afssite.afs.org\/fr\/"},{"@type":"ListItem","position":2,"name":"Famille d&#8217;accueil AFS","item":"https:\/\/switzerland.afssite.afs.org\/fr\/famille-daccueil\/"},{"@type":"ListItem","position":3,"name":"Devenir famille d&rsquo;accueil"}]},{"@type":"WebSite","@id":"https:\/\/www.afs.ch\/fr\/#website","url":"https:\/\/www.afs.ch\/fr\/","name":"Interkulturelle Programme","description":"Switzerland","potentialAction":[{"@type":"SearchAction","target":{"@type":"EntryPoint","urlTemplate":"https:\/\/www.afs.ch\/fr\/?s={search_term_string}"},"query-input":{"@type":"PropertyValueSpecification","valueRequired":true,"valueName":"search_term_string"}}],"inLanguage":"fr-FR"}]}},"_links":{"self":[{"href":"https:\/\/www.afs.ch\/fr\/wp-json\/wp\/v2\/pages\/55564","targetHints":{"allow":["GET"]}}],"collection":[{"href":"https:\/\/www.afs.ch\/fr\/wp-json\/wp\/v2\/pages"}],"about":[{"href":"https:\/\/www.afs.ch\/fr\/wp-json\/wp\/v2\/types\/page"}],"author":[{"embeddable":true,"href":"https:\/\/www.afs.ch\/fr\/wp-json\/wp\/v2\/users\/938"}],"replies":[{"embeddable":true,"href":"https:\/\/www.afs.ch\/fr\/wp-json\/wp\/v2\/comments?post=55564"}],"version-history":[{"count":14,"href":"https:\/\/www.afs.ch\/fr\/wp-json\/wp\/v2\/pages\/55564\/revisions"}],"predecessor-version":[{"id":56983,"href":"https:\/\/www.afs.ch\/fr\/wp-json\/wp\/v2\/pages\/55564\/revisions\/56983"}],"up":[{"embeddable":true,"href":"https:\/\/www.afs.ch\/fr\/wp-json\/wp\/v2\/pages\/55269"}],"wp:featuredmedia":[{"embeddable":true,"href":"https:\/\/www.afs.ch\/fr\/wp-json\/wp\/v2\/media\/55847"}],"wp:attachment":[{"href":"https:\/\/www.afs.ch\/fr\/wp-json\/wp\/v2\/media?parent=55564"}],"curies":[{"name":"wp","href":"https:\/\/api.w.org\/{rel}","templated":true}]}}

<nav class="full-width-navigation">
<ul>
<li><a class="active" href="https://www.afs.ch/fr/?page_id=55564">DEVENIR FAMILLE D&rsquo;ACCUEIL</a></li>
<li><a href="https://www.afs.ch/fr/?page_id=55621">NOS ÉTUDIANTS</a></li>
<li><a href="https://www.afs.ch/fr/?page_id=55583">SOIRÉES D&rsquo;INFORMATION</a></li>
<li><a href="https://www.afs.ch/fr/?page_id=55642">FOIRE AUX QUESTIONS</a></li>
</ul>
<hr />
</nav>
<style>.active {background-color: #1c7abf; color: white !important; } .full-width-navigation {max-width: 100vw !important; transform: translate(0, 62px)} .full-width-navigation ul {list-style: none; margin: -88px 0 -48px 0; padding: 0; text-align: center;} .full-width-navigation ul li {display: inline-block; margin: 0;} .full-width-navigation ul li a {display: block; padding: 15px 20px; color: rgb(73, 68, 82); text-decoration: none; font-weight: 900; font-size: 13px !important;} .full-width-navigation ul li a:hover { color: #007AC2; } @media (max-width: 1260px) { .full-width-navigation { display: none; }} hr { margin-left: -100% !important; margin-right: -100% !important;}</style>
<style>.cw-staggered-double {padding: 30px;}</style>

<p>DEVENIR FAMILLE D&rsquo;ACCUEIL NOS ÉTUDIANTS SOIRÉES D&rsquo;INFORMATION FOIRE AUX QUESTIONS</p>

<!-- This site is optimized with the Yoast SEO plugin v26.6 - https://yoast.com/wordpress/plugins/seo/ -->
<title>Werden Sie eine Gastfamilie für einen Jugendaustausch</title>
<meta name="description" content="Öffnen Sie der Welt Ihr Zuhause und werden Sie eine Gastfamilie für einen Jugendaustausch." />
<meta name="robots" content="index, follow, max-snippet:-1, max-image-preview:large, max-video-preview:-1" />
<link rel="canonical" href="https://www.afs.ch/fr/famille-daccueil/devenir-famille-daccueil/" />
<meta property="og:locale" content="fr_FR" />
<meta property="og:type" content="article" />
<meta property="og:title" content="Werden Sie eine Gastfamilie für einen Jugendaustausch" />
<meta property="og:description" content="Öffnen Sie der Welt Ihr Zuhause und werden Sie eine Gastfamilie für einen Jugendaustausch." />
<meta property="og:url" content="https://www.afs.ch/fr/famille-daccueil/devenir-famille-daccueil/" />
<meta property="og:site_name" content="Intercultural Programs" />
<meta property="article:publisher" content="https://www.facebook.com/afsswitzerland/" />
<meta property="article:modified_time" content="2024-05-27T14:34:38+00:00" />
<meta property="og:image" content="https://d22dvihj4pfop3.cloudfront.net/wp-content/uploads/sites/71/2024/02/AdobeStock_91083533-1-e1710702006816-1200x630.jpeg" />
	<meta property="og:image:width" content="1200" />
	<meta property="og:image:height" content="630" />
	<meta property="og:image:type" content="image/jpeg" />
<meta name="twitter:card" content="summary_large_image" />
<meta name="twitter:site" content="@afs_ch" />
<meta name="twitter:label1" content="Est. reading time" />
	<meta name="twitter:data1" content="2 minutes" />
<script type="application/ld+json" class="yoast-schema-graph">{"@context":"https://schema.org","@graph":[{"@type":"WebPage","@id":"https://www.afs.ch/fr/famille-daccueil/devenir-famille-daccueil/","url":"https://www.afs.ch/fr/famille-daccueil/devenir-famille-daccueil/","name":"Werden Sie eine Gastfamilie für einen Jugendaustausch","isPartOf":{"@id":"https://www.afs.ch/fr/#website"},"primaryImageOfPage":{"@id":"https://www.afs.ch/fr/famille-daccueil/devenir-famille-daccueil/#primaryimage"},"image":{"@id":"https://www.afs.ch/fr/famille-daccueil/devenir-famille-daccueil/#primaryimage"},"thumbnailUrl":"https://d22dvihj4pfop3.cloudfront.net/wp-content/uploads/sites/71/2024/02/AdobeStock_91083533-1-e1710702006816.jpeg","datePublished":"2024-03-05T14:25:50+00:00","dateModified":"2024-05-27T14:34:38+00:00","description":"Öffnen Sie der Welt Ihr Zuhause und werden Sie eine Gastfamilie für einen Jugendaustausch.","breadcrumb":{"@id":"https://www.afs.ch/fr/famille-daccueil/devenir-famille-daccueil/#breadcrumb"},"inLanguage":"fr-FR","potentialAction":[{"@type":"ReadAction","target":["https://www.afs.ch/fr/famille-daccueil/devenir-famille-daccueil/"]}]},{"@type":"ImageObject","inLanguage":"fr-FR","@id":"https://www.afs.ch/fr/famille-daccueil/devenir-famille-daccueil/#primaryimage","url":"https://d22dvihj4pfop3.cloudfront.net/wp-content/uploads/sites/71/2024/02/AdobeStock_91083533-1-e1710702006816.jpeg","contentUrl":"https://d22dvihj4pfop3.cloudfront.net/wp-content/uploads/sites/71/2024/02/AdobeStock_91083533-1-e1710702006816.jpeg","width":2048,"height":860,"caption":"Family group sitting on a bridge in a forest, full length"},{"@type":"BreadcrumbList","@id":"https://www.afs.ch/fr/famille-daccueil/devenir-famille-daccueil/#breadcrumb","itemListElement":[{"@type":"ListItem","position":1,"name":"Home","item":"https://switzerland.afssite.afs.org/fr/"},{"@type":"ListItem","position":2,"name":"Famille d&#8217;accueil AFS","item":"https://switzerland.afssite.afs.org/fr/famille-daccueil/"},{"@type":"ListItem","position":3,"name":"Devenir famille d&rsquo;accueil"}]},{"@type":"WebSite","@id":"https://www.afs.ch/fr/#website","url":"https://www.afs.ch/fr/","name":"Interkulturelle Programme","description":"Switzerland","potentialAction":[{"@type":"SearchAction","target":{"@type":"EntryPoint","urlTemplate":"https://www.afs.ch/fr/?s={search_term_string}"},"query-input":{"@type":"PropertyValueSpecification","valueRequired":true,"valueName":"search_term_string"}}],"inLanguage":"fr-FR"}]}</script>
<!-- / Yoast SEO plugin. -->

Werden Sie eine Gastfamilie für einen Jugendaustausch

Öffnen Sie der Welt Ihr Zuhause und werden Sie eine Gastfamilie für einen Jugendaustausch.
