{"id":55642,"date":"2024-03-07T15:53:38","date_gmt":"2024-03-07T14:53:38","guid":{"rendered":"https:\/\/www.afs.ch\/?page_id=55642"},"modified":"2024-04-22T12:56:36","modified_gmt":"2024-04-22T11:56:36","slug":"faq","status":"publish","type":"page","link":"https:\/\/www.afs.ch\/fr\/famille-daccueil\/faq\/","title":{"rendered":"Foire aux questions pour les familles d&rsquo;accueil"},"content":{"rendered":"<nav class=\"full-width-navigation\">\n<ul>\n<li><a href=\"https:\/\/www.afs.ch\/fr\/?page_id=55564\">DEVENIR FAMILLE D&rsquo;ACCUEIL<\/a><\/li>\n<li><a href=\"https:\/\/www.afs.ch\/fr\/?page_id=55621\">NOS \u00c9TUDIANTS<\/a><\/li>\n<li><a href=\"https:\/\/www.afs.ch\/fr\/?page_id=55583\">SOIR\u00c9ES D&rsquo;INFORMATION<\/a><\/li>\n<li><a class=\"activated\" href=\"https:\/\/www.afs.ch\/fr\/?page_id=55642\">FOIRE AUX QUESTIONS<\/a><\/li>\n<\/ul>\n<hr \/>\n<\/nav>\n<p>&nbsp;<\/p>\n<style>.activated {background-color: #1c7abf; color: white !important; } .full-width-navigation {max-width: 100vw !important;} .full-width-navigation ul {list-style: none; margin: -88px 0 -48px 0; padding: 0; text-align: center;} .full-width-navigation ul li {display: inline-block; margin: 0;} .full-width-navigation ul li a {display: block; padding: 15px 20px; color: rgb(73, 68, 82); text-decoration: none; font-weight: 900; font-size: 13px !important;} .full-width-navigation ul li a:hover { color: #007AC2; } @media (max-width: 1260px) { .full-width-navigation { display: none; }} hr { margin-left: -100% !important; margin-right: -100% !important;}<\/style>\n<p style=\"text-align: center;\">Lorsque l\u2019on entend parler de programmes interculturels en immersion, on pense d\u2019abord \u00e0 ces centaines de jeunes qui partent \u00e0 l\u2019\u00e9tranger vivre l\u2019ann\u00e9e de leur vie au contact d\u2019une population locale. Mais saviez-vous qu\u2019en devenant famille d\u2019accueil vous profitez de cet enrichissement interculturel sans bouger de chez vous?<\/p>\n<p style=\"text-align: center;\">Vous \u00eates tent\u00e9s par l\u2019exp\u00e9rience mais aimeriez en savoir plus avant de vous engager? C\u2019est bien naturel! Vos questions devraient trouver r\u00e9ponse sur cette page et nous restons bien entendu \u00e0 votre enti\u00e8re disposition pour tout compl\u00e9ment d\u2019information.<\/p>\n","protected":false},"excerpt":{"rendered":"<p>DEVENIR FAMILLE D&rsquo;ACCUEIL NOS \u00c9TUDIANTS SOIR\u00c9ES D&rsquo;INFORMATION FOIRE AUX QUESTIONS &nbsp; Lorsque l\u2019on entend parler de programmes interculturels en immersion,&hellip;<\/p>\n","protected":false},"author":938,"featured_media":0,"parent":55269,"menu_order":1,"comment_status":"closed","ping_status":"closed","template":"","meta":{"footnotes":""},"class_list":["post-55642","page","type-page","status-publish","hentry"],"yoast_head":"<!-- This site is optimized with the Yoast SEO plugin v26.6 - https:\/\/yoast.com\/wordpress\/plugins\/seo\/ -->\n<title>AFS Gastfamilie FAQ<\/title>\n<meta name=\"robots\" content=\"index, follow, max-snippet:-1, max-image-preview:large, max-video-preview:-1\" \/>\n<link rel=\"canonical\" href=\"https:\/\/www.afs.ch\/fr\/famille-daccueil\/faq\/\" \/>\n<meta property=\"og:locale\" content=\"fr_FR\" \/>\n<meta property=\"og:type\" content=\"article\" \/>\n<meta property=\"og:title\" content=\"AFS Gastfamilie FAQ\" \/>\n<meta property=\"og:description\" content=\"DEVENIR FAMILLE D&rsquo;ACCUEIL NOS \u00c9TUDIANTS SOIR\u00c9ES D&rsquo;INFORMATION FOIRE AUX QUESTIONS &nbsp; Lorsque l\u2019on entend parler de programmes interculturels en immersion,&hellip;\" \/>\n<meta property=\"og:url\" content=\"https:\/\/www.afs.ch\/fr\/famille-daccueil\/faq\/\" \/>\n<meta property=\"og:site_name\" content=\"Intercultural Programs\" \/>\n<meta property=\"article:publisher\" content=\"https:\/\/www.facebook.com\/afsswitzerland\/\" \/>\n<meta property=\"article:modified_time\" content=\"2024-04-22T11:56:36+00:00\" \/>\n<meta name=\"twitter:card\" content=\"summary_large_image\" \/>\n<meta name=\"twitter:site\" content=\"@afs_ch\" \/>\n<meta name=\"twitter:label1\" content=\"Est. reading time\" \/>\n\t<meta name=\"twitter:data1\" content=\"8 minutes\" \/>\n<script type=\"application\/ld+json\" class=\"yoast-schema-graph\">{\"@context\":\"https:\/\/schema.org\",\"@graph\":[{\"@type\":\"WebPage\",\"@id\":\"https:\/\/www.afs.ch\/fr\/famille-daccueil\/faq\/\",\"url\":\"https:\/\/www.afs.ch\/fr\/famille-daccueil\/faq\/\",\"name\":\"AFS Gastfamilie FAQ\",\"isPartOf\":{\"@id\":\"https:\/\/www.afs.ch\/fr\/#website\"},\"datePublished\":\"2024-03-07T14:53:38+00:00\",\"dateModified\":\"2024-04-22T11:56:36+00:00\",\"breadcrumb\":{\"@id\":\"https:\/\/www.afs.ch\/fr\/famille-daccueil\/faq\/#breadcrumb\"},\"inLanguage\":\"fr-FR\",\"potentialAction\":[{\"@type\":\"ReadAction\",\"target\":[\"https:\/\/www.afs.ch\/fr\/famille-daccueil\/faq\/\"]}]},{\"@type\":\"BreadcrumbList\",\"@id\":\"https:\/\/www.afs.ch\/fr\/famille-daccueil\/faq\/#breadcrumb\",\"itemListElement\":[{\"@type\":\"ListItem\",\"position\":1,\"name\":\"Home\",\"item\":\"https:\/\/switzerland.afssite.afs.org\/fr\/\"},{\"@type\":\"ListItem\",\"position\":2,\"name\":\"Famille d&#8217;accueil AFS\",\"item\":\"https:\/\/switzerland.afssite.afs.org\/fr\/famille-daccueil\/\"},{\"@type\":\"ListItem\",\"position\":3,\"name\":\"Foire aux questions pour les familles d&rsquo;accueil\"}]},{\"@type\":\"WebSite\",\"@id\":\"https:\/\/www.afs.ch\/fr\/#website\",\"url\":\"https:\/\/www.afs.ch\/fr\/\",\"name\":\"Interkulturelle Programme\",\"description\":\"Switzerland\",\"potentialAction\":[{\"@type\":\"SearchAction\",\"target\":{\"@type\":\"EntryPoint\",\"urlTemplate\":\"https:\/\/www.afs.ch\/fr\/?s={search_term_string}\"},\"query-input\":{\"@type\":\"PropertyValueSpecification\",\"valueRequired\":true,\"valueName\":\"search_term_string\"}}],\"inLanguage\":\"fr-FR\"}]}<\/script>\n<!-- \/ Yoast SEO plugin. -->","yoast_head_json":{"title":"AFS Gastfamilie FAQ","robots":{"index":"index","follow":"follow","max-snippet":"max-snippet:-1","max-image-preview":"max-image-preview:large","max-video-preview":"max-video-preview:-1"},"canonical":"https:\/\/www.afs.ch\/fr\/famille-daccueil\/faq\/","og_locale":"fr_FR","og_type":"article","og_title":"AFS Gastfamilie FAQ","og_description":"DEVENIR FAMILLE D&rsquo;ACCUEIL NOS \u00c9TUDIANTS SOIR\u00c9ES D&rsquo;INFORMATION FOIRE AUX QUESTIONS &nbsp; Lorsque l\u2019on entend parler de programmes interculturels en immersion,&hellip;","og_url":"https:\/\/www.afs.ch\/fr\/famille-daccueil\/faq\/","og_site_name":"Intercultural Programs","article_publisher":"https:\/\/www.facebook.com\/afsswitzerland\/","article_modified_time":"2024-04-22T11:56:36+00:00","twitter_card":"summary_large_image","twitter_site":"@afs_ch","twitter_misc":{"Est. reading time":"8 minutes"},"schema":{"@context":"https:\/\/schema.org","@graph":[{"@type":"WebPage","@id":"https:\/\/www.afs.ch\/fr\/famille-daccueil\/faq\/","url":"https:\/\/www.afs.ch\/fr\/famille-daccueil\/faq\/","name":"AFS Gastfamilie FAQ","isPartOf":{"@id":"https:\/\/www.afs.ch\/fr\/#website"},"datePublished":"2024-03-07T14:53:38+00:00","dateModified":"2024-04-22T11:56:36+00:00","breadcrumb":{"@id":"https:\/\/www.afs.ch\/fr\/famille-daccueil\/faq\/#breadcrumb"},"inLanguage":"fr-FR","potentialAction":[{"@type":"ReadAction","target":["https:\/\/www.afs.ch\/fr\/famille-daccueil\/faq\/"]}]},{"@type":"BreadcrumbList","@id":"https:\/\/www.afs.ch\/fr\/famille-daccueil\/faq\/#breadcrumb","itemListElement":[{"@type":"ListItem","position":1,"name":"Home","item":"https:\/\/switzerland.afssite.afs.org\/fr\/"},{"@type":"ListItem","position":2,"name":"Famille d&#8217;accueil AFS","item":"https:\/\/switzerland.afssite.afs.org\/fr\/famille-daccueil\/"},{"@type":"ListItem","position":3,"name":"Foire aux questions pour les familles d&rsquo;accueil"}]},{"@type":"WebSite","@id":"https:\/\/www.afs.ch\/fr\/#website","url":"https:\/\/www.afs.ch\/fr\/","name":"Interkulturelle Programme","description":"Switzerland","potentialAction":[{"@type":"SearchAction","target":{"@type":"EntryPoint","urlTemplate":"https:\/\/www.afs.ch\/fr\/?s={search_term_string}"},"query-input":{"@type":"PropertyValueSpecification","valueRequired":true,"valueName":"search_term_string"}}],"inLanguage":"fr-FR"}]}},"_links":{"self":[{"href":"https:\/\/www.afs.ch\/fr\/wp-json\/wp\/v2\/pages\/55642","targetHints":{"allow":["GET"]}}],"collection":[{"href":"https:\/\/www.afs.ch\/fr\/wp-json\/wp\/v2\/pages"}],"about":[{"href":"https:\/\/www.afs.ch\/fr\/wp-json\/wp\/v2\/types\/page"}],"author":[{"embeddable":true,"href":"https:\/\/www.afs.ch\/fr\/wp-json\/wp\/v2\/users\/938"}],"replies":[{"embeddable":true,"href":"https:\/\/www.afs.ch\/fr\/wp-json\/wp\/v2\/comments?post=55642"}],"version-history":[{"count":9,"href":"https:\/\/www.afs.ch\/fr\/wp-json\/wp\/v2\/pages\/55642\/revisions"}],"predecessor-version":[{"id":56620,"href":"https:\/\/www.afs.ch\/fr\/wp-json\/wp\/v2\/pages\/55642\/revisions\/56620"}],"up":[{"embeddable":true,"href":"https:\/\/www.afs.ch\/fr\/wp-json\/wp\/v2\/pages\/55269"}],"wp:attachment":[{"href":"https:\/\/www.afs.ch\/fr\/wp-json\/wp\/v2\/media?parent=55642"}],"curies":[{"name":"wp","href":"https:\/\/api.w.org\/{rel}","templated":true}]}}

<nav class="full-width-navigation">
<ul>
<li><a href="https://www.afs.ch/fr/?page_id=55564">DEVENIR FAMILLE D&rsquo;ACCUEIL</a></li>
<li><a href="https://www.afs.ch/fr/?page_id=55621">NOS ÉTUDIANTS</a></li>
<li><a href="https://www.afs.ch/fr/?page_id=55583">SOIRÉES D&rsquo;INFORMATION</a></li>
<li><a class="activated" href="https://www.afs.ch/fr/?page_id=55642">FOIRE AUX QUESTIONS</a></li>
</ul>
<hr />
</nav>
<p>&nbsp;</p>
<style>.activated {background-color: #1c7abf; color: white !important; } .full-width-navigation {max-width: 100vw !important;} .full-width-navigation ul {list-style: none; margin: -88px 0 -48px 0; padding: 0; text-align: center;} .full-width-navigation ul li {display: inline-block; margin: 0;} .full-width-navigation ul li a {display: block; padding: 15px 20px; color: rgb(73, 68, 82); text-decoration: none; font-weight: 900; font-size: 13px !important;} .full-width-navigation ul li a:hover { color: #007AC2; } @media (max-width: 1260px) { .full-width-navigation { display: none; }} hr { margin-left: -100% !important; margin-right: -100% !important;}</style>
<p style="text-align: center;">Lorsque l’on entend parler de programmes interculturels en immersion, on pense d’abord à ces centaines de jeunes qui partent à l’étranger vivre l’année de leur vie au contact d’une population locale. Mais saviez-vous qu’en devenant famille d’accueil vous profitez de cet enrichissement interculturel sans bouger de chez vous?</p>
<p style="text-align: center;">Vous êtes tentés par l’expérience mais aimeriez en savoir plus avant de vous engager? C’est bien naturel! Vos questions devraient trouver réponse sur cette page et nous restons bien entendu à votre entière disposition pour tout complément d’information.</p>

<p>DEVENIR FAMILLE D&rsquo;ACCUEIL NOS ÉTUDIANTS SOIRÉES D&rsquo;INFORMATION FOIRE AUX QUESTIONS &nbsp; Lorsque l’on entend parler de programmes interculturels en immersion,&hellip;</p>

<!-- This site is optimized with the Yoast SEO plugin v26.6 - https://yoast.com/wordpress/plugins/seo/ -->
<title>AFS Gastfamilie FAQ</title>
<meta name="robots" content="index, follow, max-snippet:-1, max-image-preview:large, max-video-preview:-1" />
<link rel="canonical" href="https://www.afs.ch/fr/famille-daccueil/faq/" />
<meta property="og:locale" content="fr_FR" />
<meta property="og:type" content="article" />
<meta property="og:title" content="AFS Gastfamilie FAQ" />
<meta property="og:description" content="DEVENIR FAMILLE D&rsquo;ACCUEIL NOS ÉTUDIANTS SOIRÉES D&rsquo;INFORMATION FOIRE AUX QUESTIONS &nbsp; Lorsque l’on entend parler de programmes interculturels en immersion,&hellip;" />
<meta property="og:url" content="https://www.afs.ch/fr/famille-daccueil/faq/" />
<meta property="og:site_name" content="Intercultural Programs" />
<meta property="article:publisher" content="https://www.facebook.com/afsswitzerland/" />
<meta property="article:modified_time" content="2024-04-22T11:56:36+00:00" />
<meta name="twitter:card" content="summary_large_image" />
<meta name="twitter:site" content="@afs_ch" />
<meta name="twitter:label1" content="Est. reading time" />
	<meta name="twitter:data1" content="8 minutes" />
<script type="application/ld+json" class="yoast-schema-graph">{"@context":"https://schema.org","@graph":[{"@type":"WebPage","@id":"https://www.afs.ch/fr/famille-daccueil/faq/","url":"https://www.afs.ch/fr/famille-daccueil/faq/","name":"AFS Gastfamilie FAQ","isPartOf":{"@id":"https://www.afs.ch/fr/#website"},"datePublished":"2024-03-07T14:53:38+00:00","dateModified":"2024-04-22T11:56:36+00:00","breadcrumb":{"@id":"https://www.afs.ch/fr/famille-daccueil/faq/#breadcrumb"},"inLanguage":"fr-FR","potentialAction":[{"@type":"ReadAction","target":["https://www.afs.ch/fr/famille-daccueil/faq/"]}]},{"@type":"BreadcrumbList","@id":"https://www.afs.ch/fr/famille-daccueil/faq/#breadcrumb","itemListElement":[{"@type":"ListItem","position":1,"name":"Home","item":"https://switzerland.afssite.afs.org/fr/"},{"@type":"ListItem","position":2,"name":"Famille d&#8217;accueil AFS","item":"https://switzerland.afssite.afs.org/fr/famille-daccueil/"},{"@type":"ListItem","position":3,"name":"Foire aux questions pour les familles d&rsquo;accueil"}]},{"@type":"WebSite","@id":"https://www.afs.ch/fr/#website","url":"https://www.afs.ch/fr/","name":"Interkulturelle Programme","description":"Switzerland","potentialAction":[{"@type":"SearchAction","target":{"@type":"EntryPoint","urlTemplate":"https://www.afs.ch/fr/?s={search_term_string}"},"query-input":{"@type":"PropertyValueSpecification","valueRequired":true,"valueName":"search_term_string"}}],"inLanguage":"fr-FR"}]}</script>
<!-- / Yoast SEO plugin. -->

DEVENIR FAMILLE D&rsquo;ACCUEIL NOS ÉTUDIANTS SOIRÉES D&rsquo;INFORMATION FOIRE AUX QUESTIONS &nbsp; Lorsque l’on entend parler de programmes interculturels en immersion,&hellip;
