{"id":57533,"date":"2024-08-12T10:49:44","date_gmt":"2024-08-12T09:49:44","guid":{"rendered":"https:\/\/switzerland.afssite.afs.org\/?page_id=57533"},"modified":"2024-08-12T10:51:26","modified_gmt":"2024-08-12T09:51:26","slug":"workshop-culture-icl","status":"publish","type":"page","link":"https:\/\/www.afs.ch\/fr\/famille-daccueil\/anmeldung\/workshop-culture-icl\/","title":{"rendered":"AFS Workshop: Culture Dimensions and Intercultural Learning"},"content":{"rendered":"<p><span style=\"font-weight: 400;\">Le nom de notre organisation est \u00ab\u00a0AFS programmes interculturels\u00a0\u00bb. Mais qu&rsquo;est-ce que cela signifie ? Qu&rsquo;est-ce l&rsquo;interculturalit\u00e9 et la culture en g\u00e9n\u00e9ral ? Et que se passe-t-il lorsque, par exemple, des cultures se rencontrent dans la famille d&rsquo;accueil ?\u00a0<\/span><\/p>\n<p><span style=\"font-weight: 400;\">AFS vous propose un atelier pilote, dans lequel nous allons aborder ces questions avec nos familles d&rsquo;accueil.<\/span><\/p>\n<p><span style=\"font-weight: 400;\">Luzia Sauer, membre du comit\u00e9 directeur d&rsquo;AFS Suisse et charg\u00e9e de cours \u00e0 la Haute Ecole P\u00e9dagogique de Zurich, enseigne et fait de la recherche dans le domaine de la communication interculturelle. Elle nous initiera aux notions de culture et de comp\u00e9tences interculturelles et nous montrera comment surmonter les diff\u00e9rences culturelles en saisissant les opportunit\u00e9s dans le champ de tension interculturel. Luzia abordera notamment l&rsquo;aspect interculturel dans le cadre des s\u00e9jours des jeunes \u00e0 l&rsquo;\u00e9tranger.\u00a0<\/span><\/p>\n<p><span style=\"font-weight: 400;\">L&rsquo;atelier aura lieu \u00e0 Zurich et se d\u00e9roulera en allemand en tant que projet pilote. Nous sommes conscients que cela ne convient qu&rsquo;\u00e0 une partie des familles d&rsquo;accueil AFS, mais nous nous r\u00e9jouissons d&rsquo;autant plus de recevoir des participants de toutes les r\u00e9gions du pays !<\/span><\/p>\n<ul>\n<li><b>Quand ?<\/b> <span style=\"font-weight: 400;\">Samedi 14 septembre 2024, de 13h30 \u00e0 17h, suivi d&rsquo;un ap\u00e9ritif.<\/span><\/li>\n<li><b>O\u00f9 ? <\/b>Kirchgemeindehaus Neum\u00fcnster (Seefeldstrasse 91, 8008 Z\u00fcrich)<\/li>\n<li><b>Qui ?<\/b> <span style=\"font-weight: 400;\">Les familles d&rsquo;accueil AFS<\/span><\/li>\n<\/ul>\n<h3>Inscription<\/h3>\n\n<p><span style=\"font-weight: 400;\">Avec nos meilleures salutations<\/span><\/p>\n<p><span style=\"font-weight: 400;\">AFS Suisse<\/span><\/p>\n","protected":false},"excerpt":{"rendered":"<p>Le nom de notre organisation est \u00ab\u00a0AFS programmes interculturels\u00a0\u00bb. Mais qu&rsquo;est-ce que cela signifie ? Qu&rsquo;est-ce l&rsquo;interculturalit\u00e9 et la culture&hellip;<\/p>\n","protected":false},"author":55,"featured_media":0,"parent":56388,"menu_order":0,"comment_status":"closed","ping_status":"closed","template":"","meta":{"footnotes":""},"class_list":["post-57533","page","type-page","status-publish","hentry"],"yoast_head":"<!-- This site is optimized with the Yoast SEO plugin v26.6 - https:\/\/yoast.com\/wordpress\/plugins\/seo\/ -->\n<title>AFS Workshop: Culture Dimensions and Intercultural Learning - Intercultural Programs<\/title>\n<meta name=\"robots\" content=\"index, follow, max-snippet:-1, max-image-preview:large, max-video-preview:-1\" \/>\n<link rel=\"canonical\" href=\"https:\/\/www.afs.ch\/fr\/famille-daccueil\/anmeldung\/workshop-culture-icl\/\" \/>\n<meta property=\"og:locale\" content=\"fr_FR\" \/>\n<meta property=\"og:type\" content=\"article\" \/>\n<meta property=\"og:title\" content=\"AFS Workshop: Culture Dimensions and Intercultural Learning - Intercultural Programs\" \/>\n<meta property=\"og:description\" content=\"Le nom de notre organisation est \u00ab\u00a0AFS programmes interculturels\u00a0\u00bb. Mais qu&rsquo;est-ce que cela signifie ? Qu&rsquo;est-ce l&rsquo;interculturalit\u00e9 et la culture&hellip;\" \/>\n<meta property=\"og:url\" content=\"https:\/\/www.afs.ch\/fr\/famille-daccueil\/anmeldung\/workshop-culture-icl\/\" \/>\n<meta property=\"og:site_name\" content=\"Intercultural Programs\" \/>\n<meta property=\"article:publisher\" content=\"https:\/\/www.facebook.com\/afsswitzerland\/\" \/>\n<meta property=\"article:modified_time\" content=\"2024-08-12T09:51:26+00:00\" \/>\n<meta name=\"twitter:card\" content=\"summary_large_image\" \/>\n<meta name=\"twitter:site\" content=\"@afs_ch\" \/>\n<meta name=\"twitter:label1\" content=\"Est. reading time\" \/>\n\t<meta name=\"twitter:data1\" content=\"1 minute\" \/>\n<script type=\"application\/ld+json\" class=\"yoast-schema-graph\">{\"@context\":\"https:\/\/schema.org\",\"@graph\":[{\"@type\":\"WebPage\",\"@id\":\"https:\/\/www.afs.ch\/fr\/famille-daccueil\/anmeldung\/workshop-culture-icl\/\",\"url\":\"https:\/\/www.afs.ch\/fr\/famille-daccueil\/anmeldung\/workshop-culture-icl\/\",\"name\":\"AFS Workshop: Culture Dimensions and Intercultural Learning - Intercultural Programs\",\"isPartOf\":{\"@id\":\"https:\/\/www.afs.ch\/fr\/#website\"},\"datePublished\":\"2024-08-12T09:49:44+00:00\",\"dateModified\":\"2024-08-12T09:51:26+00:00\",\"breadcrumb\":{\"@id\":\"https:\/\/www.afs.ch\/fr\/famille-daccueil\/anmeldung\/workshop-culture-icl\/#breadcrumb\"},\"inLanguage\":\"fr-FR\",\"potentialAction\":[{\"@type\":\"ReadAction\",\"target\":[\"https:\/\/www.afs.ch\/fr\/famille-daccueil\/anmeldung\/workshop-culture-icl\/\"]}]},{\"@type\":\"BreadcrumbList\",\"@id\":\"https:\/\/www.afs.ch\/fr\/famille-daccueil\/anmeldung\/workshop-culture-icl\/#breadcrumb\",\"itemListElement\":[{\"@type\":\"ListItem\",\"position\":1,\"name\":\"Home\",\"item\":\"https:\/\/switzerland.afssite.afs.org\/fr\/\"},{\"@type\":\"ListItem\",\"position\":2,\"name\":\"Famille d&#8217;accueil AFS\",\"item\":\"https:\/\/switzerland.afssite.afs.org\/fr\/famille-daccueil\/\"},{\"@type\":\"ListItem\",\"position\":3,\"name\":\"Famille d&rsquo;accueil : quelque chose pour vous ?\",\"item\":\"https:\/\/switzerland.afssite.afs.org\/fr\/famille-daccueil\/anmeldung\/\"},{\"@type\":\"ListItem\",\"position\":4,\"name\":\"AFS Workshop: Culture Dimensions and Intercultural Learning\"}]},{\"@type\":\"WebSite\",\"@id\":\"https:\/\/www.afs.ch\/fr\/#website\",\"url\":\"https:\/\/www.afs.ch\/fr\/\",\"name\":\"Interkulturelle Programme\",\"description\":\"Switzerland\",\"potentialAction\":[{\"@type\":\"SearchAction\",\"target\":{\"@type\":\"EntryPoint\",\"urlTemplate\":\"https:\/\/www.afs.ch\/fr\/?s={search_term_string}\"},\"query-input\":{\"@type\":\"PropertyValueSpecification\",\"valueRequired\":true,\"valueName\":\"search_term_string\"}}],\"inLanguage\":\"fr-FR\"}]}<\/script>\n<!-- \/ Yoast SEO plugin. -->","yoast_head_json":{"title":"AFS Workshop: Culture Dimensions and Intercultural Learning - Intercultural Programs","robots":{"index":"index","follow":"follow","max-snippet":"max-snippet:-1","max-image-preview":"max-image-preview:large","max-video-preview":"max-video-preview:-1"},"canonical":"https:\/\/www.afs.ch\/fr\/famille-daccueil\/anmeldung\/workshop-culture-icl\/","og_locale":"fr_FR","og_type":"article","og_title":"AFS Workshop: Culture Dimensions and Intercultural Learning - Intercultural Programs","og_description":"Le nom de notre organisation est \u00ab\u00a0AFS programmes interculturels\u00a0\u00bb. Mais qu&rsquo;est-ce que cela signifie ? Qu&rsquo;est-ce l&rsquo;interculturalit\u00e9 et la culture&hellip;","og_url":"https:\/\/www.afs.ch\/fr\/famille-daccueil\/anmeldung\/workshop-culture-icl\/","og_site_name":"Intercultural Programs","article_publisher":"https:\/\/www.facebook.com\/afsswitzerland\/","article_modified_time":"2024-08-12T09:51:26+00:00","twitter_card":"summary_large_image","twitter_site":"@afs_ch","twitter_misc":{"Est. reading time":"1 minute"},"schema":{"@context":"https:\/\/schema.org","@graph":[{"@type":"WebPage","@id":"https:\/\/www.afs.ch\/fr\/famille-daccueil\/anmeldung\/workshop-culture-icl\/","url":"https:\/\/www.afs.ch\/fr\/famille-daccueil\/anmeldung\/workshop-culture-icl\/","name":"AFS Workshop: Culture Dimensions and Intercultural Learning - Intercultural Programs","isPartOf":{"@id":"https:\/\/www.afs.ch\/fr\/#website"},"datePublished":"2024-08-12T09:49:44+00:00","dateModified":"2024-08-12T09:51:26+00:00","breadcrumb":{"@id":"https:\/\/www.afs.ch\/fr\/famille-daccueil\/anmeldung\/workshop-culture-icl\/#breadcrumb"},"inLanguage":"fr-FR","potentialAction":[{"@type":"ReadAction","target":["https:\/\/www.afs.ch\/fr\/famille-daccueil\/anmeldung\/workshop-culture-icl\/"]}]},{"@type":"BreadcrumbList","@id":"https:\/\/www.afs.ch\/fr\/famille-daccueil\/anmeldung\/workshop-culture-icl\/#breadcrumb","itemListElement":[{"@type":"ListItem","position":1,"name":"Home","item":"https:\/\/switzerland.afssite.afs.org\/fr\/"},{"@type":"ListItem","position":2,"name":"Famille d&#8217;accueil AFS","item":"https:\/\/switzerland.afssite.afs.org\/fr\/famille-daccueil\/"},{"@type":"ListItem","position":3,"name":"Famille d&rsquo;accueil : quelque chose pour vous ?","item":"https:\/\/switzerland.afssite.afs.org\/fr\/famille-daccueil\/anmeldung\/"},{"@type":"ListItem","position":4,"name":"AFS Workshop: Culture Dimensions and Intercultural Learning"}]},{"@type":"WebSite","@id":"https:\/\/www.afs.ch\/fr\/#website","url":"https:\/\/www.afs.ch\/fr\/","name":"Interkulturelle Programme","description":"Switzerland","potentialAction":[{"@type":"SearchAction","target":{"@type":"EntryPoint","urlTemplate":"https:\/\/www.afs.ch\/fr\/?s={search_term_string}"},"query-input":{"@type":"PropertyValueSpecification","valueRequired":true,"valueName":"search_term_string"}}],"inLanguage":"fr-FR"}]}},"_links":{"self":[{"href":"https:\/\/www.afs.ch\/fr\/wp-json\/wp\/v2\/pages\/57533","targetHints":{"allow":["GET"]}}],"collection":[{"href":"https:\/\/www.afs.ch\/fr\/wp-json\/wp\/v2\/pages"}],"about":[{"href":"https:\/\/www.afs.ch\/fr\/wp-json\/wp\/v2\/types\/page"}],"author":[{"embeddable":true,"href":"https:\/\/www.afs.ch\/fr\/wp-json\/wp\/v2\/users\/55"}],"replies":[{"embeddable":true,"href":"https:\/\/www.afs.ch\/fr\/wp-json\/wp\/v2\/comments?post=57533"}],"version-history":[{"count":4,"href":"https:\/\/www.afs.ch\/fr\/wp-json\/wp\/v2\/pages\/57533\/revisions"}],"predecessor-version":[{"id":57536,"href":"https:\/\/www.afs.ch\/fr\/wp-json\/wp\/v2\/pages\/57533\/revisions\/57536"}],"up":[{"embeddable":true,"href":"https:\/\/www.afs.ch\/fr\/wp-json\/wp\/v2\/pages\/56388"}],"wp:attachment":[{"href":"https:\/\/www.afs.ch\/fr\/wp-json\/wp\/v2\/media?parent=57533"}],"curies":[{"name":"wp","href":"https:\/\/api.w.org\/{rel}","templated":true}]}}

<p><span style="font-weight: 400;">Le nom de notre organisation est « AFS programmes interculturels ». Mais qu&rsquo;est-ce que cela signifie ? Qu&rsquo;est-ce l&rsquo;interculturalité et la culture en général ? Et que se passe-t-il lorsque, par exemple, des cultures se rencontrent dans la famille d&rsquo;accueil ? </span></p>
<p><span style="font-weight: 400;">AFS vous propose un atelier pilote, dans lequel nous allons aborder ces questions avec nos familles d&rsquo;accueil.</span></p>
<p><span style="font-weight: 400;">Luzia Sauer, membre du comité directeur d&rsquo;AFS Suisse et chargée de cours à la Haute Ecole Pédagogique de Zurich, enseigne et fait de la recherche dans le domaine de la communication interculturelle. Elle nous initiera aux notions de culture et de compétences interculturelles et nous montrera comment surmonter les différences culturelles en saisissant les opportunités dans le champ de tension interculturel. Luzia abordera notamment l&rsquo;aspect interculturel dans le cadre des séjours des jeunes à l&rsquo;étranger. </span></p>
<p><span style="font-weight: 400;">L&rsquo;atelier aura lieu à Zurich et se déroulera en allemand en tant que projet pilote. Nous sommes conscients que cela ne convient qu&rsquo;à une partie des familles d&rsquo;accueil AFS, mais nous nous réjouissons d&rsquo;autant plus de recevoir des participants de toutes les régions du pays !</span></p>
<ul>
<li><b>Quand ?</b> <span style="font-weight: 400;">Samedi 14 septembre 2024, de 13h30 à 17h, suivi d&rsquo;un apéritif.</span></li>
<li><b>Où ? </b>Kirchgemeindehaus Neumünster (Seefeldstrasse 91, 8008 Zürich)</li>
<li><b>Qui ?</b> <span style="font-weight: 400;">Les familles d&rsquo;accueil AFS</span></li>
</ul>
<h3>Inscription</h3>

<p><span style="font-weight: 400;">Avec nos meilleures salutations</span></p>
<p><span style="font-weight: 400;">AFS Suisse</span></p>

<p>Le nom de notre organisation est « AFS programmes interculturels ». Mais qu&rsquo;est-ce que cela signifie ? Qu&rsquo;est-ce l&rsquo;interculturalité et la culture&hellip;</p>

<!-- This site is optimized with the Yoast SEO plugin v26.6 - https://yoast.com/wordpress/plugins/seo/ -->
<title>AFS Workshop: Culture Dimensions and Intercultural Learning - Intercultural Programs</title>
<meta name="robots" content="index, follow, max-snippet:-1, max-image-preview:large, max-video-preview:-1" />
<link rel="canonical" href="https://www.afs.ch/fr/famille-daccueil/anmeldung/workshop-culture-icl/" />
<meta property="og:locale" content="fr_FR" />
<meta property="og:type" content="article" />
<meta property="og:title" content="AFS Workshop: Culture Dimensions and Intercultural Learning - Intercultural Programs" />
<meta property="og:description" content="Le nom de notre organisation est « AFS programmes interculturels ». Mais qu&rsquo;est-ce que cela signifie ? Qu&rsquo;est-ce l&rsquo;interculturalité et la culture&hellip;" />
<meta property="og:url" content="https://www.afs.ch/fr/famille-daccueil/anmeldung/workshop-culture-icl/" />
<meta property="og:site_name" content="Intercultural Programs" />
<meta property="article:publisher" content="https://www.facebook.com/afsswitzerland/" />
<meta property="article:modified_time" content="2024-08-12T09:51:26+00:00" />
<meta name="twitter:card" content="summary_large_image" />
<meta name="twitter:site" content="@afs_ch" />
<meta name="twitter:label1" content="Est. reading time" />
	<meta name="twitter:data1" content="1 minute" />
<script type="application/ld+json" class="yoast-schema-graph">{"@context":"https://schema.org","@graph":[{"@type":"WebPage","@id":"https://www.afs.ch/fr/famille-daccueil/anmeldung/workshop-culture-icl/","url":"https://www.afs.ch/fr/famille-daccueil/anmeldung/workshop-culture-icl/","name":"AFS Workshop: Culture Dimensions and Intercultural Learning - Intercultural Programs","isPartOf":{"@id":"https://www.afs.ch/fr/#website"},"datePublished":"2024-08-12T09:49:44+00:00","dateModified":"2024-08-12T09:51:26+00:00","breadcrumb":{"@id":"https://www.afs.ch/fr/famille-daccueil/anmeldung/workshop-culture-icl/#breadcrumb"},"inLanguage":"fr-FR","potentialAction":[{"@type":"ReadAction","target":["https://www.afs.ch/fr/famille-daccueil/anmeldung/workshop-culture-icl/"]}]},{"@type":"BreadcrumbList","@id":"https://www.afs.ch/fr/famille-daccueil/anmeldung/workshop-culture-icl/#breadcrumb","itemListElement":[{"@type":"ListItem","position":1,"name":"Home","item":"https://switzerland.afssite.afs.org/fr/"},{"@type":"ListItem","position":2,"name":"Famille d&#8217;accueil AFS","item":"https://switzerland.afssite.afs.org/fr/famille-daccueil/"},{"@type":"ListItem","position":3,"name":"Famille d&rsquo;accueil : quelque chose pour vous ?","item":"https://switzerland.afssite.afs.org/fr/famille-daccueil/anmeldung/"},{"@type":"ListItem","position":4,"name":"AFS Workshop: Culture Dimensions and Intercultural Learning"}]},{"@type":"WebSite","@id":"https://www.afs.ch/fr/#website","url":"https://www.afs.ch/fr/","name":"Interkulturelle Programme","description":"Switzerland","potentialAction":[{"@type":"SearchAction","target":{"@type":"EntryPoint","urlTemplate":"https://www.afs.ch/fr/?s={search_term_string}"},"query-input":{"@type":"PropertyValueSpecification","valueRequired":true,"valueName":"search_term_string"}}],"inLanguage":"fr-FR"}]}</script>
<!-- / Yoast SEO plugin. -->

Le nom de notre organisation est « AFS programmes interculturels ». Mais qu&rsquo;est-ce que cela signifie ? Qu&rsquo;est-ce l&rsquo;interculturalité et la culture&hellip;
