{"id":57880,"date":"2024-09-24T14:46:44","date_gmt":"2024-09-24T13:46:44","guid":{"rendered":"https:\/\/switzerland.afssite.afs.org\/?page_id=57880"},"modified":"2024-09-24T14:46:44","modified_gmt":"2024-09-24T13:46:44","slug":"condition-de-residence","status":"publish","type":"page","link":"https:\/\/www.afs.ch\/fr\/condition-de-residence\/","title":{"rendered":"Condition de r\u00e9sidence"},"content":{"rendered":"<h3>Merci pour votre int\u00e9r\u00eat !<\/h3>\n<p>Malheureusement, nos programmes sont actuellement r\u00e9serv\u00e9s aux r\u00e9sidents de la Suisse.<\/p>\n<p>Nous vous encourageons \u00e0 <strong>contacter l\u2019AFS dans votre pays<\/strong> pour trouver le programme qui vous correspond. Commencez votre aventure interculturelle en visitant le site web de l&rsquo;AFS de votre pays.<\/p>\n<p>\u00c0 tout bient\u00f4t et meilleures salutations de toute l&rsquo;\u00e9quipe AFS Suisse!<\/p>\n","protected":false},"excerpt":{"rendered":"<p>Merci pour votre int\u00e9r\u00eat ! Malheureusement, nos programmes sont actuellement r\u00e9serv\u00e9s aux r\u00e9sidents de la Suisse. Nous vous encourageons \u00e0&hellip;<\/p>\n","protected":false},"author":55,"featured_media":0,"parent":0,"menu_order":3,"comment_status":"closed","ping_status":"closed","template":"","meta":{"footnotes":""},"class_list":["post-57880","page","type-page","status-publish","hentry"],"yoast_head":"<!-- This site is optimized with the Yoast SEO plugin v26.6 - https:\/\/yoast.com\/wordpress\/plugins\/seo\/ -->\n<title>Condition de r\u00e9sidence - Intercultural Programs<\/title>\n<meta name=\"robots\" content=\"index, follow, max-snippet:-1, max-image-preview:large, max-video-preview:-1\" \/>\n<link rel=\"canonical\" href=\"https:\/\/www.afs.ch\/fr\/condition-de-residence\/\" \/>\n<meta property=\"og:locale\" content=\"fr_FR\" \/>\n<meta property=\"og:type\" content=\"article\" \/>\n<meta property=\"og:title\" content=\"Condition de r\u00e9sidence - Intercultural Programs\" \/>\n<meta property=\"og:description\" content=\"Merci pour votre int\u00e9r\u00eat ! Malheureusement, nos programmes sont actuellement r\u00e9serv\u00e9s aux r\u00e9sidents de la Suisse. Nous vous encourageons \u00e0&hellip;\" \/>\n<meta property=\"og:url\" content=\"https:\/\/www.afs.ch\/fr\/condition-de-residence\/\" \/>\n<meta property=\"og:site_name\" content=\"Intercultural Programs\" \/>\n<meta property=\"article:publisher\" content=\"https:\/\/www.facebook.com\/afsswitzerland\/\" \/>\n<meta name=\"twitter:card\" content=\"summary_large_image\" \/>\n<meta name=\"twitter:site\" content=\"@afs_ch\" \/>\n<meta name=\"twitter:label1\" content=\"Est. reading time\" \/>\n\t<meta name=\"twitter:data1\" content=\"1 minute\" \/>\n<script type=\"application\/ld+json\" class=\"yoast-schema-graph\">{\"@context\":\"https:\/\/schema.org\",\"@graph\":[{\"@type\":\"WebPage\",\"@id\":\"https:\/\/www.afs.ch\/fr\/condition-de-residence\/\",\"url\":\"https:\/\/www.afs.ch\/fr\/condition-de-residence\/\",\"name\":\"Condition de r\u00e9sidence - Intercultural Programs\",\"isPartOf\":{\"@id\":\"https:\/\/www.afs.ch\/fr\/#website\"},\"datePublished\":\"2024-09-24T13:46:44+00:00\",\"breadcrumb\":{\"@id\":\"https:\/\/www.afs.ch\/fr\/condition-de-residence\/#breadcrumb\"},\"inLanguage\":\"fr-FR\",\"potentialAction\":[{\"@type\":\"ReadAction\",\"target\":[\"https:\/\/www.afs.ch\/fr\/condition-de-residence\/\"]}]},{\"@type\":\"BreadcrumbList\",\"@id\":\"https:\/\/www.afs.ch\/fr\/condition-de-residence\/#breadcrumb\",\"itemListElement\":[{\"@type\":\"ListItem\",\"position\":1,\"name\":\"Home\",\"item\":\"https:\/\/switzerland.afssite.afs.org\/fr\/\"},{\"@type\":\"ListItem\",\"position\":2,\"name\":\"Condition de r\u00e9sidence\"}]},{\"@type\":\"WebSite\",\"@id\":\"https:\/\/www.afs.ch\/fr\/#website\",\"url\":\"https:\/\/www.afs.ch\/fr\/\",\"name\":\"Interkulturelle Programme\",\"description\":\"Switzerland\",\"potentialAction\":[{\"@type\":\"SearchAction\",\"target\":{\"@type\":\"EntryPoint\",\"urlTemplate\":\"https:\/\/www.afs.ch\/fr\/?s={search_term_string}\"},\"query-input\":{\"@type\":\"PropertyValueSpecification\",\"valueRequired\":true,\"valueName\":\"search_term_string\"}}],\"inLanguage\":\"fr-FR\"}]}<\/script>\n<!-- \/ Yoast SEO plugin. -->","yoast_head_json":{"title":"Condition de r\u00e9sidence - Intercultural Programs","robots":{"index":"index","follow":"follow","max-snippet":"max-snippet:-1","max-image-preview":"max-image-preview:large","max-video-preview":"max-video-preview:-1"},"canonical":"https:\/\/www.afs.ch\/fr\/condition-de-residence\/","og_locale":"fr_FR","og_type":"article","og_title":"Condition de r\u00e9sidence - Intercultural Programs","og_description":"Merci pour votre int\u00e9r\u00eat ! Malheureusement, nos programmes sont actuellement r\u00e9serv\u00e9s aux r\u00e9sidents de la Suisse. Nous vous encourageons \u00e0&hellip;","og_url":"https:\/\/www.afs.ch\/fr\/condition-de-residence\/","og_site_name":"Intercultural Programs","article_publisher":"https:\/\/www.facebook.com\/afsswitzerland\/","twitter_card":"summary_large_image","twitter_site":"@afs_ch","twitter_misc":{"Est. reading time":"1 minute"},"schema":{"@context":"https:\/\/schema.org","@graph":[{"@type":"WebPage","@id":"https:\/\/www.afs.ch\/fr\/condition-de-residence\/","url":"https:\/\/www.afs.ch\/fr\/condition-de-residence\/","name":"Condition de r\u00e9sidence - Intercultural Programs","isPartOf":{"@id":"https:\/\/www.afs.ch\/fr\/#website"},"datePublished":"2024-09-24T13:46:44+00:00","breadcrumb":{"@id":"https:\/\/www.afs.ch\/fr\/condition-de-residence\/#breadcrumb"},"inLanguage":"fr-FR","potentialAction":[{"@type":"ReadAction","target":["https:\/\/www.afs.ch\/fr\/condition-de-residence\/"]}]},{"@type":"BreadcrumbList","@id":"https:\/\/www.afs.ch\/fr\/condition-de-residence\/#breadcrumb","itemListElement":[{"@type":"ListItem","position":1,"name":"Home","item":"https:\/\/switzerland.afssite.afs.org\/fr\/"},{"@type":"ListItem","position":2,"name":"Condition de r\u00e9sidence"}]},{"@type":"WebSite","@id":"https:\/\/www.afs.ch\/fr\/#website","url":"https:\/\/www.afs.ch\/fr\/","name":"Interkulturelle Programme","description":"Switzerland","potentialAction":[{"@type":"SearchAction","target":{"@type":"EntryPoint","urlTemplate":"https:\/\/www.afs.ch\/fr\/?s={search_term_string}"},"query-input":{"@type":"PropertyValueSpecification","valueRequired":true,"valueName":"search_term_string"}}],"inLanguage":"fr-FR"}]}},"_links":{"self":[{"href":"https:\/\/www.afs.ch\/fr\/wp-json\/wp\/v2\/pages\/57880","targetHints":{"allow":["GET"]}}],"collection":[{"href":"https:\/\/www.afs.ch\/fr\/wp-json\/wp\/v2\/pages"}],"about":[{"href":"https:\/\/www.afs.ch\/fr\/wp-json\/wp\/v2\/types\/page"}],"author":[{"embeddable":true,"href":"https:\/\/www.afs.ch\/fr\/wp-json\/wp\/v2\/users\/55"}],"replies":[{"embeddable":true,"href":"https:\/\/www.afs.ch\/fr\/wp-json\/wp\/v2\/comments?post=57880"}],"version-history":[{"count":3,"href":"https:\/\/www.afs.ch\/fr\/wp-json\/wp\/v2\/pages\/57880\/revisions"}],"predecessor-version":[{"id":57886,"href":"https:\/\/www.afs.ch\/fr\/wp-json\/wp\/v2\/pages\/57880\/revisions\/57886"}],"wp:attachment":[{"href":"https:\/\/www.afs.ch\/fr\/wp-json\/wp\/v2\/media?parent=57880"}],"curies":[{"name":"wp","href":"https:\/\/api.w.org\/{rel}","templated":true}]}}

Condition de résidence

<h3>Merci pour votre intérêt !</h3>
<p>Malheureusement, nos programmes sont actuellement réservés aux résidents de la Suisse.</p>
<p>Nous vous encourageons à <strong>contacter l’AFS dans votre pays</strong> pour trouver le programme qui vous correspond. Commencez votre aventure interculturelle en visitant le site web de l&rsquo;AFS de votre pays.</p>
<p>À tout bientôt et meilleures salutations de toute l&rsquo;équipe AFS Suisse!</p>

<p>Merci pour votre intérêt ! Malheureusement, nos programmes sont actuellement réservés aux résidents de la Suisse. Nous vous encourageons à&hellip;</p>

<!-- This site is optimized with the Yoast SEO plugin v26.6 - https://yoast.com/wordpress/plugins/seo/ -->
<title>Condition de résidence - Intercultural Programs</title>
<meta name="robots" content="index, follow, max-snippet:-1, max-image-preview:large, max-video-preview:-1" />
<link rel="canonical" href="https://www.afs.ch/fr/condition-de-residence/" />
<meta property="og:locale" content="fr_FR" />
<meta property="og:type" content="article" />
<meta property="og:title" content="Condition de résidence - Intercultural Programs" />
<meta property="og:description" content="Merci pour votre intérêt ! Malheureusement, nos programmes sont actuellement réservés aux résidents de la Suisse. Nous vous encourageons à&hellip;" />
<meta property="og:url" content="https://www.afs.ch/fr/condition-de-residence/" />
<meta property="og:site_name" content="Intercultural Programs" />
<meta property="article:publisher" content="https://www.facebook.com/afsswitzerland/" />
<meta name="twitter:card" content="summary_large_image" />
<meta name="twitter:site" content="@afs_ch" />
<meta name="twitter:label1" content="Est. reading time" />
	<meta name="twitter:data1" content="1 minute" />
<script type="application/ld+json" class="yoast-schema-graph">{"@context":"https://schema.org","@graph":[{"@type":"WebPage","@id":"https://www.afs.ch/fr/condition-de-residence/","url":"https://www.afs.ch/fr/condition-de-residence/","name":"Condition de résidence - Intercultural Programs","isPartOf":{"@id":"https://www.afs.ch/fr/#website"},"datePublished":"2024-09-24T13:46:44+00:00","breadcrumb":{"@id":"https://www.afs.ch/fr/condition-de-residence/#breadcrumb"},"inLanguage":"fr-FR","potentialAction":[{"@type":"ReadAction","target":["https://www.afs.ch/fr/condition-de-residence/"]}]},{"@type":"BreadcrumbList","@id":"https://www.afs.ch/fr/condition-de-residence/#breadcrumb","itemListElement":[{"@type":"ListItem","position":1,"name":"Home","item":"https://switzerland.afssite.afs.org/fr/"},{"@type":"ListItem","position":2,"name":"Condition de résidence"}]},{"@type":"WebSite","@id":"https://www.afs.ch/fr/#website","url":"https://www.afs.ch/fr/","name":"Interkulturelle Programme","description":"Switzerland","potentialAction":[{"@type":"SearchAction","target":{"@type":"EntryPoint","urlTemplate":"https://www.afs.ch/fr/?s={search_term_string}"},"query-input":{"@type":"PropertyValueSpecification","valueRequired":true,"valueName":"search_term_string"}}],"inLanguage":"fr-FR"}]}</script>
<!-- / Yoast SEO plugin. -->

Condition de résidence - Intercultural Programs

Merci pour votre intérêt ! Malheureusement, nos programmes sont actuellement réservés aux résidents de la Suisse. Nous vous encourageons à&hellip;
