{"id":7561,"date":"2016-09-07T15:42:42","date_gmt":"2016-09-07T15:42:42","guid":{"rendered":"http:\/\/switzerland.afssite.afs.org\/fr\/study-abroad\/what-is-the-afseffect\/"},"modified":"2025-09-02T08:57:23","modified_gmt":"2025-09-02T07:57:23","slug":"foire-aux-questions-2","status":"publish","type":"page","link":"https:\/\/www.afs.ch\/fr\/programmes-scolaires\/foire-aux-questions-2\/","title":{"rendered":"Foire aux questions pour les futurs participants AFS"},"content":{"rendered":"<p style=\"text-align: center;\">Partir avec AFS, c\u2019est avoir envie de beaucoup plus qu\u2019un simple s\u00e9jour \u00e0 l\u2019\u00e9tranger en vue de ma\u00eetriser une langue. D\u00e9couvrir une nouvelle culture en profondeur c\u2019est se l\u2019approprier tout en questionnant son propre syst\u00e8me de valeurs. AFS forme ainsi les jeunes \u00e0 devenir les citoyens responsables, actifs, critiques et solidaires de demain!<\/p>\n<p style=\"text-align: center;\"><a class=\"button large\" href=\"https:\/\/www.afs.ch\/study-abroad\/find-your-program\/\">\u00a0Choisis le programme qui te convient et embarque pour l&rsquo;aventure<\/a><\/p>\n","protected":false},"excerpt":{"rendered":"<p>Partir avec AFS, c\u2019est avoir envie de beaucoup plus qu\u2019un simple s\u00e9jour \u00e0 l\u2019\u00e9tranger en vue de ma\u00eetriser une langue.&hellip;<\/p>\n","protected":false},"author":1581,"featured_media":2358,"parent":4801,"menu_order":3,"comment_status":"closed","ping_status":"closed","template":"","meta":{"footnotes":""},"class_list":["post-7561","page","type-page","status-publish","has-post-thumbnail","hentry"],"yoast_head":"<!-- This site is optimized with the Yoast SEO plugin v26.6 - https:\/\/yoast.com\/wordpress\/plugins\/seo\/ -->\n<title>Foire aux questions - Intercultural Programs<\/title>\n<meta name=\"description\" content=\"Quitte ta zone de confort et pr\u00e9pare, d\u00e8s aujourd&#039;hui, ton programme d&#039;\u00e9change AFS \u00e0 l&#039;\u00e9tranger!\" \/>\n<meta name=\"robots\" content=\"index, follow, max-snippet:-1, max-image-preview:large, max-video-preview:-1\" \/>\n<link rel=\"canonical\" href=\"https:\/\/www.afs.ch\/fr\/programmes-scolaires\/foire-aux-questions-2\/\" \/>\n<meta property=\"og:locale\" content=\"fr_FR\" \/>\n<meta property=\"og:type\" content=\"article\" \/>\n<meta property=\"og:title\" content=\"Foire aux questions - Intercultural Programs\" \/>\n<meta property=\"og:description\" content=\"Quitte ta zone de confort et pr\u00e9pare, d\u00e8s aujourd&#039;hui, ton programme d&#039;\u00e9change AFS \u00e0 l&#039;\u00e9tranger!\" \/>\n<meta property=\"og:url\" content=\"https:\/\/www.afs.ch\/fr\/programmes-scolaires\/foire-aux-questions-2\/\" \/>\n<meta property=\"og:site_name\" content=\"Intercultural Programs\" \/>\n<meta property=\"article:publisher\" content=\"https:\/\/www.facebook.com\/afsswitzerland\/\" \/>\n<meta property=\"article:modified_time\" content=\"2025-09-02T07:57:23+00:00\" \/>\n<meta property=\"og:image\" content=\"https:\/\/d22dvihj4pfop3.cloudfront.net\/wp-content\/uploads\/sites\/4\/2016\/08\/02193226\/AFSeffect_11-1200x630.jpg\" \/>\n\t<meta property=\"og:image:width\" content=\"1200\" \/>\n\t<meta property=\"og:image:height\" content=\"630\" \/>\n\t<meta property=\"og:image:type\" content=\"image\/jpeg\" \/>\n<meta name=\"twitter:card\" content=\"summary_large_image\" \/>\n<meta name=\"twitter:site\" content=\"@afs_ch\" \/>\n<meta name=\"twitter:label1\" content=\"Est. reading time\" \/>\n\t<meta name=\"twitter:data1\" content=\"17 minutes\" \/>\n<script type=\"application\/ld+json\" class=\"yoast-schema-graph\">{\"@context\":\"https:\/\/schema.org\",\"@graph\":[{\"@type\":\"WebPage\",\"@id\":\"https:\/\/www.afs.ch\/fr\/programmes-scolaires\/foire-aux-questions-2\/\",\"url\":\"https:\/\/www.afs.ch\/fr\/programmes-scolaires\/foire-aux-questions-2\/\",\"name\":\"Foire aux questions - Intercultural Programs\",\"isPartOf\":{\"@id\":\"https:\/\/www.afs.ch\/fr\/#website\"},\"primaryImageOfPage\":{\"@id\":\"https:\/\/www.afs.ch\/fr\/programmes-scolaires\/foire-aux-questions-2\/#primaryimage\"},\"image\":{\"@id\":\"https:\/\/www.afs.ch\/fr\/programmes-scolaires\/foire-aux-questions-2\/#primaryimage\"},\"thumbnailUrl\":\"https:\/\/d22dvihj4pfop3.cloudfront.net\/wp-content\/uploads\/sites\/4\/2016\/08\/02193226\/AFSeffect_11.jpg\",\"datePublished\":\"2016-09-07T15:42:42+00:00\",\"dateModified\":\"2025-09-02T07:57:23+00:00\",\"description\":\"Quitte ta zone de confort et pr\u00e9pare, d\u00e8s aujourd'hui, ton programme d'\u00e9change AFS \u00e0 l'\u00e9tranger!\",\"breadcrumb\":{\"@id\":\"https:\/\/www.afs.ch\/fr\/programmes-scolaires\/foire-aux-questions-2\/#breadcrumb\"},\"inLanguage\":\"fr-FR\",\"potentialAction\":[{\"@type\":\"ReadAction\",\"target\":[\"https:\/\/www.afs.ch\/fr\/programmes-scolaires\/foire-aux-questions-2\/\"]}]},{\"@type\":\"ImageObject\",\"inLanguage\":\"fr-FR\",\"@id\":\"https:\/\/www.afs.ch\/fr\/programmes-scolaires\/foire-aux-questions-2\/#primaryimage\",\"url\":\"https:\/\/d22dvihj4pfop3.cloudfront.net\/wp-content\/uploads\/sites\/4\/2016\/08\/02193226\/AFSeffect_11.jpg\",\"contentUrl\":\"https:\/\/d22dvihj4pfop3.cloudfront.net\/wp-content\/uploads\/sites\/4\/2016\/08\/02193226\/AFSeffect_11.jpg\",\"width\":5472,\"height\":3648,\"caption\":\"Giulia Bertolazzi\"},{\"@type\":\"BreadcrumbList\",\"@id\":\"https:\/\/www.afs.ch\/fr\/programmes-scolaires\/foire-aux-questions-2\/#breadcrumb\",\"itemListElement\":[{\"@type\":\"ListItem\",\"position\":1,\"name\":\"Home\",\"item\":\"https:\/\/switzerland.afssite.afs.org\/fr\/\"},{\"@type\":\"ListItem\",\"position\":2,\"name\":\"Programmes scolaires pour adolescents\",\"item\":\"https:\/\/switzerland.afssite.afs.org\/fr\/programmes-scolaires\/\"},{\"@type\":\"ListItem\",\"position\":3,\"name\":\"Foire aux questions pour les futurs participants AFS\"}]},{\"@type\":\"WebSite\",\"@id\":\"https:\/\/www.afs.ch\/fr\/#website\",\"url\":\"https:\/\/www.afs.ch\/fr\/\",\"name\":\"Interkulturelle Programme\",\"description\":\"Switzerland\",\"potentialAction\":[{\"@type\":\"SearchAction\",\"target\":{\"@type\":\"EntryPoint\",\"urlTemplate\":\"https:\/\/www.afs.ch\/fr\/?s={search_term_string}\"},\"query-input\":{\"@type\":\"PropertyValueSpecification\",\"valueRequired\":true,\"valueName\":\"search_term_string\"}}],\"inLanguage\":\"fr-FR\"}]}<\/script>\n<!-- \/ Yoast SEO plugin. -->","yoast_head_json":{"title":"Foire aux questions - Intercultural Programs","description":"Quitte ta zone de confort et pr\u00e9pare, d\u00e8s aujourd'hui, ton programme d'\u00e9change AFS \u00e0 l'\u00e9tranger!","robots":{"index":"index","follow":"follow","max-snippet":"max-snippet:-1","max-image-preview":"max-image-preview:large","max-video-preview":"max-video-preview:-1"},"canonical":"https:\/\/www.afs.ch\/fr\/programmes-scolaires\/foire-aux-questions-2\/","og_locale":"fr_FR","og_type":"article","og_title":"Foire aux questions - Intercultural Programs","og_description":"Quitte ta zone de confort et pr\u00e9pare, d\u00e8s aujourd'hui, ton programme d'\u00e9change AFS \u00e0 l'\u00e9tranger!","og_url":"https:\/\/www.afs.ch\/fr\/programmes-scolaires\/foire-aux-questions-2\/","og_site_name":"Intercultural Programs","article_publisher":"https:\/\/www.facebook.com\/afsswitzerland\/","article_modified_time":"2025-09-02T07:57:23+00:00","og_image":[{"width":1200,"height":630,"url":"https:\/\/d22dvihj4pfop3.cloudfront.net\/wp-content\/uploads\/sites\/4\/2016\/08\/02193226\/AFSeffect_11-1200x630.jpg","type":"image\/jpeg"}],"twitter_card":"summary_large_image","twitter_site":"@afs_ch","twitter_misc":{"Est. reading time":"17 minutes"},"schema":{"@context":"https:\/\/schema.org","@graph":[{"@type":"WebPage","@id":"https:\/\/www.afs.ch\/fr\/programmes-scolaires\/foire-aux-questions-2\/","url":"https:\/\/www.afs.ch\/fr\/programmes-scolaires\/foire-aux-questions-2\/","name":"Foire aux questions - Intercultural Programs","isPartOf":{"@id":"https:\/\/www.afs.ch\/fr\/#website"},"primaryImageOfPage":{"@id":"https:\/\/www.afs.ch\/fr\/programmes-scolaires\/foire-aux-questions-2\/#primaryimage"},"image":{"@id":"https:\/\/www.afs.ch\/fr\/programmes-scolaires\/foire-aux-questions-2\/#primaryimage"},"thumbnailUrl":"https:\/\/d22dvihj4pfop3.cloudfront.net\/wp-content\/uploads\/sites\/4\/2016\/08\/02193226\/AFSeffect_11.jpg","datePublished":"2016-09-07T15:42:42+00:00","dateModified":"2025-09-02T07:57:23+00:00","description":"Quitte ta zone de confort et pr\u00e9pare, d\u00e8s aujourd'hui, ton programme d'\u00e9change AFS \u00e0 l'\u00e9tranger!","breadcrumb":{"@id":"https:\/\/www.afs.ch\/fr\/programmes-scolaires\/foire-aux-questions-2\/#breadcrumb"},"inLanguage":"fr-FR","potentialAction":[{"@type":"ReadAction","target":["https:\/\/www.afs.ch\/fr\/programmes-scolaires\/foire-aux-questions-2\/"]}]},{"@type":"ImageObject","inLanguage":"fr-FR","@id":"https:\/\/www.afs.ch\/fr\/programmes-scolaires\/foire-aux-questions-2\/#primaryimage","url":"https:\/\/d22dvihj4pfop3.cloudfront.net\/wp-content\/uploads\/sites\/4\/2016\/08\/02193226\/AFSeffect_11.jpg","contentUrl":"https:\/\/d22dvihj4pfop3.cloudfront.net\/wp-content\/uploads\/sites\/4\/2016\/08\/02193226\/AFSeffect_11.jpg","width":5472,"height":3648,"caption":"Giulia Bertolazzi"},{"@type":"BreadcrumbList","@id":"https:\/\/www.afs.ch\/fr\/programmes-scolaires\/foire-aux-questions-2\/#breadcrumb","itemListElement":[{"@type":"ListItem","position":1,"name":"Home","item":"https:\/\/switzerland.afssite.afs.org\/fr\/"},{"@type":"ListItem","position":2,"name":"Programmes scolaires pour adolescents","item":"https:\/\/switzerland.afssite.afs.org\/fr\/programmes-scolaires\/"},{"@type":"ListItem","position":3,"name":"Foire aux questions pour les futurs participants AFS"}]},{"@type":"WebSite","@id":"https:\/\/www.afs.ch\/fr\/#website","url":"https:\/\/www.afs.ch\/fr\/","name":"Interkulturelle Programme","description":"Switzerland","potentialAction":[{"@type":"SearchAction","target":{"@type":"EntryPoint","urlTemplate":"https:\/\/www.afs.ch\/fr\/?s={search_term_string}"},"query-input":{"@type":"PropertyValueSpecification","valueRequired":true,"valueName":"search_term_string"}}],"inLanguage":"fr-FR"}]}},"_links":{"self":[{"href":"https:\/\/www.afs.ch\/fr\/wp-json\/wp\/v2\/pages\/7561","targetHints":{"allow":["GET"]}}],"collection":[{"href":"https:\/\/www.afs.ch\/fr\/wp-json\/wp\/v2\/pages"}],"about":[{"href":"https:\/\/www.afs.ch\/fr\/wp-json\/wp\/v2\/types\/page"}],"author":[{"embeddable":true,"href":"https:\/\/www.afs.ch\/fr\/wp-json\/wp\/v2\/users\/1581"}],"replies":[{"embeddable":true,"href":"https:\/\/www.afs.ch\/fr\/wp-json\/wp\/v2\/comments?post=7561"}],"version-history":[{"count":46,"href":"https:\/\/www.afs.ch\/fr\/wp-json\/wp\/v2\/pages\/7561\/revisions"}],"predecessor-version":[{"id":48493,"href":"https:\/\/www.afs.ch\/fr\/wp-json\/wp\/v2\/pages\/7561\/revisions\/48493"}],"up":[{"embeddable":true,"href":"https:\/\/www.afs.ch\/fr\/wp-json\/wp\/v2\/pages\/4801"}],"wp:featuredmedia":[{"embeddable":true,"href":"https:\/\/www.afs.ch\/fr\/wp-json\/wp\/v2\/media\/2358"}],"wp:attachment":[{"href":"https:\/\/www.afs.ch\/fr\/wp-json\/wp\/v2\/media?parent=7561"}],"curies":[{"name":"wp","href":"https:\/\/api.w.org\/{rel}","templated":true}]}}

<p style="text-align: center;">Partir avec AFS, c’est avoir envie de beaucoup plus qu’un simple séjour à l’étranger en vue de maîtriser une langue. Découvrir une nouvelle culture en profondeur c’est se l’approprier tout en questionnant son propre système de valeurs. AFS forme ainsi les jeunes à devenir les citoyens responsables, actifs, critiques et solidaires de demain!</p>
<p style="text-align: center;"><a class="button large" href="https://www.afs.ch/study-abroad/find-your-program/"> Choisis le programme qui te convient et embarque pour l&rsquo;aventure</a></p>

<p>Partir avec AFS, c’est avoir envie de beaucoup plus qu’un simple séjour à l’étranger en vue de maîtriser une langue.&hellip;</p>

<!-- This site is optimized with the Yoast SEO plugin v26.6 - https://yoast.com/wordpress/plugins/seo/ -->
<title>Foire aux questions - Intercultural Programs</title>
<meta name="description" content="Quitte ta zone de confort et prépare, dès aujourd&#039;hui, ton programme d&#039;échange AFS à l&#039;étranger!" />
<meta name="robots" content="index, follow, max-snippet:-1, max-image-preview:large, max-video-preview:-1" />
<link rel="canonical" href="https://www.afs.ch/fr/programmes-scolaires/foire-aux-questions-2/" />
<meta property="og:locale" content="fr_FR" />
<meta property="og:type" content="article" />
<meta property="og:title" content="Foire aux questions - Intercultural Programs" />
<meta property="og:description" content="Quitte ta zone de confort et prépare, dès aujourd&#039;hui, ton programme d&#039;échange AFS à l&#039;étranger!" />
<meta property="og:url" content="https://www.afs.ch/fr/programmes-scolaires/foire-aux-questions-2/" />
<meta property="og:site_name" content="Intercultural Programs" />
<meta property="article:publisher" content="https://www.facebook.com/afsswitzerland/" />
<meta property="article:modified_time" content="2025-09-02T07:57:23+00:00" />
<meta property="og:image" content="https://d22dvihj4pfop3.cloudfront.net/wp-content/uploads/sites/4/2016/08/02193226/AFSeffect_11-1200x630.jpg" />
	<meta property="og:image:width" content="1200" />
	<meta property="og:image:height" content="630" />
	<meta property="og:image:type" content="image/jpeg" />
<meta name="twitter:card" content="summary_large_image" />
<meta name="twitter:site" content="@afs_ch" />
<meta name="twitter:label1" content="Est. reading time" />
	<meta name="twitter:data1" content="17 minutes" />
<script type="application/ld+json" class="yoast-schema-graph">{"@context":"https://schema.org","@graph":[{"@type":"WebPage","@id":"https://www.afs.ch/fr/programmes-scolaires/foire-aux-questions-2/","url":"https://www.afs.ch/fr/programmes-scolaires/foire-aux-questions-2/","name":"Foire aux questions - Intercultural Programs","isPartOf":{"@id":"https://www.afs.ch/fr/#website"},"primaryImageOfPage":{"@id":"https://www.afs.ch/fr/programmes-scolaires/foire-aux-questions-2/#primaryimage"},"image":{"@id":"https://www.afs.ch/fr/programmes-scolaires/foire-aux-questions-2/#primaryimage"},"thumbnailUrl":"https://d22dvihj4pfop3.cloudfront.net/wp-content/uploads/sites/4/2016/08/02193226/AFSeffect_11.jpg","datePublished":"2016-09-07T15:42:42+00:00","dateModified":"2025-09-02T07:57:23+00:00","description":"Quitte ta zone de confort et prépare, dès aujourd'hui, ton programme d'échange AFS à l'étranger!","breadcrumb":{"@id":"https://www.afs.ch/fr/programmes-scolaires/foire-aux-questions-2/#breadcrumb"},"inLanguage":"fr-FR","potentialAction":[{"@type":"ReadAction","target":["https://www.afs.ch/fr/programmes-scolaires/foire-aux-questions-2/"]}]},{"@type":"ImageObject","inLanguage":"fr-FR","@id":"https://www.afs.ch/fr/programmes-scolaires/foire-aux-questions-2/#primaryimage","url":"https://d22dvihj4pfop3.cloudfront.net/wp-content/uploads/sites/4/2016/08/02193226/AFSeffect_11.jpg","contentUrl":"https://d22dvihj4pfop3.cloudfront.net/wp-content/uploads/sites/4/2016/08/02193226/AFSeffect_11.jpg","width":5472,"height":3648,"caption":"Giulia Bertolazzi"},{"@type":"BreadcrumbList","@id":"https://www.afs.ch/fr/programmes-scolaires/foire-aux-questions-2/#breadcrumb","itemListElement":[{"@type":"ListItem","position":1,"name":"Home","item":"https://switzerland.afssite.afs.org/fr/"},{"@type":"ListItem","position":2,"name":"Programmes scolaires pour adolescents","item":"https://switzerland.afssite.afs.org/fr/programmes-scolaires/"},{"@type":"ListItem","position":3,"name":"Foire aux questions pour les futurs participants AFS"}]},{"@type":"WebSite","@id":"https://www.afs.ch/fr/#website","url":"https://www.afs.ch/fr/","name":"Interkulturelle Programme","description":"Switzerland","potentialAction":[{"@type":"SearchAction","target":{"@type":"EntryPoint","urlTemplate":"https://www.afs.ch/fr/?s={search_term_string}"},"query-input":{"@type":"PropertyValueSpecification","valueRequired":true,"valueName":"search_term_string"}}],"inLanguage":"fr-FR"}]}</script>
<!-- / Yoast SEO plugin. -->

Quitte ta zone de confort et prépare, dès aujourd'hui, ton programme d'échange AFS à l'étranger!
