{"id":9343,"date":"2017-05-30T10:51:37","date_gmt":"2017-05-30T09:51:37","guid":{"rendered":"http:\/\/switzerland.afssite.afs.org\/fr\/?post_type=program&#038;p=9343"},"modified":"2024-07-09T12:59:27","modified_gmt":"2024-07-09T11:59:27","slug":"programmes-scolaires-en-inde","status":"publish","type":"program","link":"https:\/\/www.afs.ch\/fr\/programs\/programmes-scolaires-en-inde\/","title":{"rendered":"Programmes scolaires en Inde"},"featured_media":0,"parent":0,"template":"","meta":{"banner_image":2117,"banner_height":"tall","banner_video":"","color_overlay":"none","title_font":"default","foreground_image":false,"call_to_action_link_source":"page","call_to_action_link":"","call_to_action_text":"","eligibility":"","program_group_type":null,"program_highlights":null,"kind_of_program":"afs","program_offering":false,"short_title":"","program_type":[],"program_subject":null,"program_volunteering_category":null,"program_internship_category":null,"program_internship_details":null,"program_weekly_instructional_hours":null,"program_weekly_working_days":null,"program_social_life":null,"program_minimum_age":null,"program_maximum_age":null,"program_education_requirements":null,"program_language_at_project":null,"program_instruction_language":null,"program_language_at_work":null,"program_language_details":null,"program_soft_skills":null,"program_start_dates":null,"program_addons":null,"program_possible_durations":null,"program_variable_application_deadline":null,"program_seasonal_pricing":null,"program_housing_type":null,"program_meals_included":null,"program_housing_details":null,"program_gallery":null,"program_video_url":null,"program_hosting_goal":null,"program_sender_requirements":null,"program_application_process":null,"program_visa_information":null,"program_related_documents":null,"program_in_country_hosting_consideration":null,"program_distributed_info":null,"program_date_structure":null,"program_included":["airport_pickup","host_family_placement","housing","meals","school_placement","individual_contact_person","medical_insurance","247_emergency_support","cultural_tours","domestic_transport","school_transport","application_assistance","visa_assistance","predeparture_orientation","orientations_abroad","reentry_orientation","school_materials","continuous_support","years_of_experience"],"program_excluded":["vaccinations","visa_passport_fees","school_uniform"],"sentio_salesforce_id":null,"sentio_application_url":null,"city":"","destination":[4853],"program_age":[285,286,287],"area_of_interest":[291,828],"top_picks":[],"program_duration":[300,302]},"program_age":[285,286,287],"area_of_interest":[291,828],"program_duration":[300,302],"group_type":[],"house-type":[],"internship-field":[],"languages":[],"meals-included":[],"top_picks":[],"type-of-program":[],"volunteering-field":[],"class_list":["post-9343","program","type-program","status-publish","hentry","program_age-15-fr","program_age-16-fr","program_age-17-fr","area_of_interest-programme-dechange-scolaire","area_of_interest-programme-passerelle","program_duration-3-a-4-mois","program_duration-8-mois-et-plus"],"yoast_head":"<!-- This site is optimized with the Yoast SEO plugin v26.6 - https:\/\/yoast.com\/wordpress\/plugins\/seo\/ -->\n<title>Programmes scolaires en Inde - Intercultural Programs<\/title>\n<meta name=\"robots\" content=\"index, follow, max-snippet:-1, max-image-preview:large, max-video-preview:-1\" \/>\n<link rel=\"canonical\" href=\"https:\/\/www.afs.ch\/fr\/programs\/programmes-scolaires-en-inde\/\" \/>\n<meta property=\"og:locale\" content=\"fr_FR\" \/>\n<meta property=\"og:type\" content=\"article\" \/>\n<meta property=\"og:title\" content=\"Programmes scolaires en Inde - Intercultural Programs\" \/>\n<meta property=\"og:description\" content=\"R\u00e9aliser un programme scolaire \u00e0 l\u2019\u00e9tranger, c\u2019est adopter un nouveau mode de vie tout en apprenant la langue de ton&hellip;\" \/>\n<meta property=\"og:url\" content=\"https:\/\/www.afs.ch\/fr\/programs\/programmes-scolaires-en-inde\/\" \/>\n<meta property=\"og:site_name\" content=\"Intercultural Programs\" \/>\n<meta property=\"article:publisher\" content=\"https:\/\/www.facebook.com\/afsswitzerland\/\" \/>\n<meta property=\"article:modified_time\" content=\"2024-07-09T11:59:27+00:00\" \/>\n<meta name=\"twitter:card\" content=\"summary_large_image\" \/>\n<meta name=\"twitter:site\" content=\"@afs_ch\" \/>\n<script type=\"application\/ld+json\" class=\"yoast-schema-graph\">{\"@context\":\"https:\/\/schema.org\",\"@graph\":[{\"@type\":\"WebPage\",\"@id\":\"https:\/\/www.afs.ch\/fr\/programs\/programmes-scolaires-en-inde\/\",\"url\":\"https:\/\/www.afs.ch\/fr\/programs\/programmes-scolaires-en-inde\/\",\"name\":\"Programmes scolaires en Inde - Intercultural Programs\",\"isPartOf\":{\"@id\":\"https:\/\/www.afs.ch\/fr\/#website\"},\"datePublished\":\"2017-05-30T09:51:37+00:00\",\"dateModified\":\"2024-07-09T11:59:27+00:00\",\"breadcrumb\":{\"@id\":\"https:\/\/www.afs.ch\/fr\/programs\/programmes-scolaires-en-inde\/#breadcrumb\"},\"inLanguage\":\"fr-FR\",\"potentialAction\":[{\"@type\":\"ReadAction\",\"target\":[\"https:\/\/www.afs.ch\/fr\/programs\/programmes-scolaires-en-inde\/\"]}]},{\"@type\":\"BreadcrumbList\",\"@id\":\"https:\/\/www.afs.ch\/fr\/programs\/programmes-scolaires-en-inde\/#breadcrumb\",\"itemListElement\":[{\"@type\":\"ListItem\",\"position\":1,\"name\":\"Home\",\"item\":\"https:\/\/switzerland.afssite.afs.org\/fr\/\"},{\"@type\":\"ListItem\",\"position\":2,\"name\":\"Programmes scolaires en Inde\"}]},{\"@type\":\"WebSite\",\"@id\":\"https:\/\/www.afs.ch\/fr\/#website\",\"url\":\"https:\/\/www.afs.ch\/fr\/\",\"name\":\"Interkulturelle Programme\",\"description\":\"Switzerland\",\"potentialAction\":[{\"@type\":\"SearchAction\",\"target\":{\"@type\":\"EntryPoint\",\"urlTemplate\":\"https:\/\/www.afs.ch\/fr\/?s={search_term_string}\"},\"query-input\":{\"@type\":\"PropertyValueSpecification\",\"valueRequired\":true,\"valueName\":\"search_term_string\"}}],\"inLanguage\":\"fr-FR\"}]}<\/script>\n<!-- \/ Yoast SEO plugin. -->","yoast_head_json":{"title":"Programmes scolaires en Inde - Intercultural Programs","robots":{"index":"index","follow":"follow","max-snippet":"max-snippet:-1","max-image-preview":"max-image-preview:large","max-video-preview":"max-video-preview:-1"},"canonical":"https:\/\/www.afs.ch\/fr\/programs\/programmes-scolaires-en-inde\/","og_locale":"fr_FR","og_type":"article","og_title":"Programmes scolaires en Inde - Intercultural Programs","og_description":"R\u00e9aliser un programme scolaire \u00e0 l\u2019\u00e9tranger, c\u2019est adopter un nouveau mode de vie tout en apprenant la langue de ton&hellip;","og_url":"https:\/\/www.afs.ch\/fr\/programs\/programmes-scolaires-en-inde\/","og_site_name":"Intercultural Programs","article_publisher":"https:\/\/www.facebook.com\/afsswitzerland\/","article_modified_time":"2024-07-09T11:59:27+00:00","twitter_card":"summary_large_image","twitter_site":"@afs_ch","schema":{"@context":"https:\/\/schema.org","@graph":[{"@type":"WebPage","@id":"https:\/\/www.afs.ch\/fr\/programs\/programmes-scolaires-en-inde\/","url":"https:\/\/www.afs.ch\/fr\/programs\/programmes-scolaires-en-inde\/","name":"Programmes scolaires en Inde - Intercultural Programs","isPartOf":{"@id":"https:\/\/www.afs.ch\/fr\/#website"},"datePublished":"2017-05-30T09:51:37+00:00","dateModified":"2024-07-09T11:59:27+00:00","breadcrumb":{"@id":"https:\/\/www.afs.ch\/fr\/programs\/programmes-scolaires-en-inde\/#breadcrumb"},"inLanguage":"fr-FR","potentialAction":[{"@type":"ReadAction","target":["https:\/\/www.afs.ch\/fr\/programs\/programmes-scolaires-en-inde\/"]}]},{"@type":"BreadcrumbList","@id":"https:\/\/www.afs.ch\/fr\/programs\/programmes-scolaires-en-inde\/#breadcrumb","itemListElement":[{"@type":"ListItem","position":1,"name":"Home","item":"https:\/\/switzerland.afssite.afs.org\/fr\/"},{"@type":"ListItem","position":2,"name":"Programmes scolaires en Inde"}]},{"@type":"WebSite","@id":"https:\/\/www.afs.ch\/fr\/#website","url":"https:\/\/www.afs.ch\/fr\/","name":"Interkulturelle Programme","description":"Switzerland","potentialAction":[{"@type":"SearchAction","target":{"@type":"EntryPoint","urlTemplate":"https:\/\/www.afs.ch\/fr\/?s={search_term_string}"},"query-input":{"@type":"PropertyValueSpecification","valueRequired":true,"valueName":"search_term_string"}}],"inLanguage":"fr-FR"}]}},"terms":{"program_age":[{"term_id":285,"name":"15","slug":"15-fr","term_group":0,"term_taxonomy_id":285,"taxonomy":"program_age","description":"","parent":0,"count":146,"filter":"raw","term_order":null},{"term_id":286,"name":"16","slug":"16-fr","term_group":0,"term_taxonomy_id":286,"taxonomy":"program_age","description":"","parent":0,"count":188,"filter":"raw","term_order":null},{"term_id":287,"name":"17","slug":"17-fr","term_group":0,"term_taxonomy_id":287,"taxonomy":"program_age","description":"","parent":0,"count":184,"filter":"raw","term_order":null}],"area_of_interest":[{"term_id":291,"name":"\u00c9change scolaire","slug":"programme-dechange-scolaire","term_group":0,"term_taxonomy_id":291,"taxonomy":"area_of_interest","description":"","parent":0,"count":188,"filter":"raw","term_order":"1"},{"term_id":828,"name":"Programme passerelle","slug":"programme-passerelle","term_group":0,"term_taxonomy_id":828,"taxonomy":"area_of_interest","description":"","parent":0,"count":166,"filter":"raw","term_order":"3"}],"program_duration":[{"term_id":300,"name":"3 \u00e0 4 mois","slug":"3-a-4-mois","term_group":0,"term_taxonomy_id":300,"taxonomy":"program_duration","description":"","parent":0,"count":54,"filter":"raw","term_order":"4"},{"term_id":302,"name":"8 mois et plus","slug":"8-mois-et-plus","term_group":0,"term_taxonomy_id":302,"taxonomy":"program_duration","description":"","parent":0,"count":107,"filter":"raw","term_order":"6"}],"type-of-program":[],"top_picks":[]},"p2p":{"program_country":[{"id":4853,"title":"Inde","slug":"inde","content":"<p><span style=\"font-weight: 400;\">Au pays du Gange et de l\u2019Himalaya, saveurs des \u00e9tals de rue, couleurs des saris et tradition ancestrale du yoga vont rendre ton <\/span><b>programme d\u2019\u00e9change<\/b><span style=\"font-weight: 400;\"> inoubliable. L\u2019Inde est le deuxi\u00e8me pays le plus peupl\u00e9 au monde et compte des dizaines de religions, de langues et de groupes ethniques. L\u2019humilit\u00e9, la non-violence et le respect des a\u00een\u00e9s sont des valeurs essentielles pour les Indiens, qui se consacrent g\u00e9n\u00e9ralement davantage aux besoins du groupe qu\u2019\u00e0 leurs propres besoins. La communication a tendance \u00e0 \u00eatre indirecte; tu entendras, de ce fait, rarement quelqu\u2019un refuser cat\u00e9goriquement une invitation. Regarder et pratiquer un sport, visionner des films, faire du l\u00e8che-vitrine et aller \u00e0 la plage sont des activit\u00e9s que tu seras amen\u00e9 \u00e0 faire avec tes nouveaux amis pendant ton <\/span><b>ann\u00e9e d&rsquo;\u00e9change en Inde<\/b><span style=\"font-weight: 400;\">. \u00c0 noter qu\u2019il est rare que jeunes filles et gar\u00e7ons se fr\u00e9quentent. L\u2019\u00e9cole est en t\u00eate des priorit\u00e9s des adolescents indiens.\u00a0<\/span><\/p>\n<h4 style=\"text-align: left;\"><a class=\"button large\" href=\"https:\/\/www.afs.ch\/fr\/programs\/programmes-scolaires-en-inde\/\">Programmes scolaires AFS en Inde<\/a><\/h4>\n"}]},"_links":{"self":[{"href":"https:\/\/www.afs.ch\/fr\/wp-json\/wp\/v2\/programs\/9343","targetHints":{"allow":["GET"]}}],"collection":[{"href":"https:\/\/www.afs.ch\/fr\/wp-json\/wp\/v2\/programs"}],"about":[{"href":"https:\/\/www.afs.ch\/fr\/wp-json\/wp\/v2\/types\/program"}],"version-history":[{"count":12,"href":"https:\/\/www.afs.ch\/fr\/wp-json\/wp\/v2\/programs\/9343\/revisions"}],"predecessor-version":[{"id":57289,"href":"https:\/\/www.afs.ch\/fr\/wp-json\/wp\/v2\/programs\/9343\/revisions\/57289"}],"wp:attachment":[{"href":"https:\/\/www.afs.ch\/fr\/wp-json\/wp\/v2\/media?parent=9343"}],"wp:term":[{"taxonomy":"program_age","embeddable":true,"href":"https:\/\/www.afs.ch\/fr\/wp-json\/wp\/v2\/program_age?post=9343"},{"taxonomy":"area_of_interest","embeddable":true,"href":"https:\/\/www.afs.ch\/fr\/wp-json\/wp\/v2\/area_of_interest?post=9343"},{"taxonomy":"program_duration","embeddable":true,"href":"https:\/\/www.afs.ch\/fr\/wp-json\/wp\/v2\/program_duration?post=9343"},{"taxonomy":"group_type","embeddable":true,"href":"https:\/\/www.afs.ch\/fr\/wp-json\/wp\/v2\/group_type?post=9343"},{"taxonomy":"house-type","embeddable":true,"href":"https:\/\/www.afs.ch\/fr\/wp-json\/wp\/v2\/house-type?post=9343"},{"taxonomy":"internship-field","embeddable":true,"href":"https:\/\/www.afs.ch\/fr\/wp-json\/wp\/v2\/internship-field?post=9343"},{"taxonomy":"languages","embeddable":true,"href":"https:\/\/www.afs.ch\/fr\/wp-json\/wp\/v2\/languages?post=9343"},{"taxonomy":"meals-included","embeddable":true,"href":"https:\/\/www.afs.ch\/fr\/wp-json\/wp\/v2\/meals-included?post=9343"},{"taxonomy":"top_picks","embeddable":true,"href":"https:\/\/www.afs.ch\/fr\/wp-json\/wp\/v2\/top_picks?post=9343"},{"taxonomy":"type-of-program","embeddable":true,"href":"https:\/\/www.afs.ch\/fr\/wp-json\/wp\/v2\/type-of-program?post=9343"},{"taxonomy":"volunteering-field","embeddable":true,"href":"https:\/\/www.afs.ch\/fr\/wp-json\/wp\/v2\/volunteering-field?post=9343"}],"curies":[{"name":"wp","href":"https:\/\/api.w.org\/{rel}","templated":true}]}}

<!-- This site is optimized with the Yoast SEO plugin v26.6 - https://yoast.com/wordpress/plugins/seo/ -->
<title>Programmes scolaires en Inde - Intercultural Programs</title>
<meta name="robots" content="index, follow, max-snippet:-1, max-image-preview:large, max-video-preview:-1" />
<link rel="canonical" href="https://www.afs.ch/fr/programs/programmes-scolaires-en-inde/" />
<meta property="og:locale" content="fr_FR" />
<meta property="og:type" content="article" />
<meta property="og:title" content="Programmes scolaires en Inde - Intercultural Programs" />
<meta property="og:description" content="Réaliser un programme scolaire à l’étranger, c’est adopter un nouveau mode de vie tout en apprenant la langue de ton&hellip;" />
<meta property="og:url" content="https://www.afs.ch/fr/programs/programmes-scolaires-en-inde/" />
<meta property="og:site_name" content="Intercultural Programs" />
<meta property="article:publisher" content="https://www.facebook.com/afsswitzerland/" />
<meta property="article:modified_time" content="2024-07-09T11:59:27+00:00" />
<meta name="twitter:card" content="summary_large_image" />
<meta name="twitter:site" content="@afs_ch" />
<script type="application/ld+json" class="yoast-schema-graph">{"@context":"https://schema.org","@graph":[{"@type":"WebPage","@id":"https://www.afs.ch/fr/programs/programmes-scolaires-en-inde/","url":"https://www.afs.ch/fr/programs/programmes-scolaires-en-inde/","name":"Programmes scolaires en Inde - Intercultural Programs","isPartOf":{"@id":"https://www.afs.ch/fr/#website"},"datePublished":"2017-05-30T09:51:37+00:00","dateModified":"2024-07-09T11:59:27+00:00","breadcrumb":{"@id":"https://www.afs.ch/fr/programs/programmes-scolaires-en-inde/#breadcrumb"},"inLanguage":"fr-FR","potentialAction":[{"@type":"ReadAction","target":["https://www.afs.ch/fr/programs/programmes-scolaires-en-inde/"]}]},{"@type":"BreadcrumbList","@id":"https://www.afs.ch/fr/programs/programmes-scolaires-en-inde/#breadcrumb","itemListElement":[{"@type":"ListItem","position":1,"name":"Home","item":"https://switzerland.afssite.afs.org/fr/"},{"@type":"ListItem","position":2,"name":"Programmes scolaires en Inde"}]},{"@type":"WebSite","@id":"https://www.afs.ch/fr/#website","url":"https://www.afs.ch/fr/","name":"Interkulturelle Programme","description":"Switzerland","potentialAction":[{"@type":"SearchAction","target":{"@type":"EntryPoint","urlTemplate":"https://www.afs.ch/fr/?s={search_term_string}"},"query-input":{"@type":"PropertyValueSpecification","valueRequired":true,"valueName":"search_term_string"}}],"inLanguage":"fr-FR"}]}</script>
<!-- / Yoast SEO plugin. -->

Réaliser un programme scolaire à l’étranger, c’est adopter un nouveau mode de vie tout en apprenant la langue de ton&hellip;

Échange scolaire

3 à 4 mois

<p><span style="font-weight: 400;">Au pays du Gange et de l’Himalaya, saveurs des étals de rue, couleurs des saris et tradition ancestrale du yoga vont rendre ton </span><b>programme d’échange</b><span style="font-weight: 400;"> inoubliable. L’Inde est le deuxième pays le plus peuplé au monde et compte des dizaines de religions, de langues et de groupes ethniques. L’humilité, la non-violence et le respect des aînés sont des valeurs essentielles pour les Indiens, qui se consacrent généralement davantage aux besoins du groupe qu’à leurs propres besoins. La communication a tendance à être indirecte; tu entendras, de ce fait, rarement quelqu’un refuser catégoriquement une invitation. Regarder et pratiquer un sport, visionner des films, faire du lèche-vitrine et aller à la plage sont des activités que tu seras amené à faire avec tes nouveaux amis pendant ton </span><b>année d&rsquo;échange en Inde</b><span style="font-weight: 400;">. À noter qu’il est rare que jeunes filles et garçons se fréquentent. L’école est en tête des priorités des adolescents indiens. </span></p>
<h4 style="text-align: left;"><a class="button large" href="https://www.afs.ch/fr/programs/programmes-scolaires-en-inde/">Programmes scolaires AFS en Inde</a></h4>
