{"id":9366,"date":"2017-05-30T10:36:45","date_gmt":"2017-05-30T09:36:45","guid":{"rendered":"http:\/\/switzerland.afssite.afs.org\/fr\/?post_type=program&#038;p=9366"},"modified":"2024-07-09T13:10:50","modified_gmt":"2024-07-09T12:10:50","slug":"programmes-scolaires-en-italie","status":"publish","type":"program","link":"https:\/\/www.afs.ch\/fr\/programs\/programmes-scolaires-en-italie\/","title":{"rendered":"Programmes scolaires en Italie"},"featured_media":0,"parent":0,"template":"","meta":{"banner_image":177,"banner_height":"tall","banner_video":"","color_overlay":"none","title_font":"default","foreground_image":false,"call_to_action_link_source":"page","call_to_action_link":"","call_to_action_text":"","eligibility":"","program_group_type":null,"program_highlights":null,"kind_of_program":"afs","program_offering":false,"short_title":"","program_type":[],"program_subject":null,"program_volunteering_category":null,"program_internship_category":null,"program_internship_details":null,"program_weekly_instructional_hours":null,"program_weekly_working_days":null,"program_social_life":null,"program_minimum_age":null,"program_maximum_age":null,"program_education_requirements":null,"program_language_at_project":null,"program_instruction_language":null,"program_language_at_work":null,"program_language_details":null,"program_soft_skills":null,"program_start_dates":null,"program_addons":null,"program_possible_durations":null,"program_variable_application_deadline":null,"program_seasonal_pricing":null,"program_housing_type":null,"program_meals_included":null,"program_housing_details":null,"program_gallery":null,"program_video_url":null,"program_hosting_goal":null,"program_sender_requirements":null,"program_application_process":null,"program_visa_information":null,"program_related_documents":null,"program_in_country_hosting_consideration":null,"program_distributed_info":null,"program_date_structure":null,"program_included":["airport_pickup","host_family_placement","housing","meals","school_placement","individual_contact_person","medical_insurance","247_emergency_support","cultural_tours","domestic_transport","school_transport","application_assistance","visa_assistance","orientations_abroad","reentry_orientation","global_competence_certificate","school_materials","continuous_support","years_of_experience"],"program_excluded":["vaccinations","visa_passport_fees","school_uniform"],"sentio_salesforce_id":null,"sentio_application_url":null,"city":"","destination":[5017],"program_age":[285,286,287],"area_of_interest":[291,828],"top_picks":[],"program_duration":[300,301,302]},"program_age":[285,286,287],"area_of_interest":[291,828],"program_duration":[300,301,302],"group_type":[],"house-type":[],"internship-field":[],"languages":[],"meals-included":[],"top_picks":[],"type-of-program":[],"volunteering-field":[],"class_list":["post-9366","program","type-program","status-publish","hentry","program_age-15-fr","program_age-16-fr","program_age-17-fr","area_of_interest-programme-dechange-scolaire","area_of_interest-programme-passerelle","program_duration-3-a-4-mois","program_duration-4-a-8-mois","program_duration-8-mois-et-plus"],"yoast_head":"<!-- This site is optimized with the Yoast SEO plugin v26.6 - https:\/\/yoast.com\/wordpress\/plugins\/seo\/ -->\n<title>Programmes scolaires en Italie - Intercultural Programs<\/title>\n<meta name=\"robots\" content=\"index, follow, max-snippet:-1, max-image-preview:large, max-video-preview:-1\" \/>\n<link rel=\"canonical\" href=\"https:\/\/www.afs.ch\/fr\/programs\/programmes-scolaires-en-italie\/\" \/>\n<meta property=\"og:locale\" content=\"fr_FR\" \/>\n<meta property=\"og:type\" content=\"article\" \/>\n<meta property=\"og:title\" content=\"Programmes scolaires en Italie - Intercultural Programs\" \/>\n<meta property=\"og:description\" content=\"R\u00e9aliser un programme scolaire \u00e0 l\u2019\u00e9tranger, c\u2019est adopter un nouveau mode de vie tout en apprenant la langue de ton&hellip;\" \/>\n<meta property=\"og:url\" content=\"https:\/\/www.afs.ch\/fr\/programs\/programmes-scolaires-en-italie\/\" \/>\n<meta property=\"og:site_name\" content=\"Intercultural Programs\" \/>\n<meta property=\"article:publisher\" content=\"https:\/\/www.facebook.com\/afsswitzerland\/\" \/>\n<meta property=\"article:modified_time\" content=\"2024-07-09T12:10:50+00:00\" \/>\n<meta name=\"twitter:card\" content=\"summary_large_image\" \/>\n<meta name=\"twitter:site\" content=\"@afs_ch\" \/>\n<script type=\"application\/ld+json\" class=\"yoast-schema-graph\">{\"@context\":\"https:\/\/schema.org\",\"@graph\":[{\"@type\":\"WebPage\",\"@id\":\"https:\/\/www.afs.ch\/fr\/programs\/programmes-scolaires-en-italie\/\",\"url\":\"https:\/\/www.afs.ch\/fr\/programs\/programmes-scolaires-en-italie\/\",\"name\":\"Programmes scolaires en Italie - Intercultural Programs\",\"isPartOf\":{\"@id\":\"https:\/\/www.afs.ch\/fr\/#website\"},\"datePublished\":\"2017-05-30T09:36:45+00:00\",\"dateModified\":\"2024-07-09T12:10:50+00:00\",\"breadcrumb\":{\"@id\":\"https:\/\/www.afs.ch\/fr\/programs\/programmes-scolaires-en-italie\/#breadcrumb\"},\"inLanguage\":\"fr-FR\",\"potentialAction\":[{\"@type\":\"ReadAction\",\"target\":[\"https:\/\/www.afs.ch\/fr\/programs\/programmes-scolaires-en-italie\/\"]}]},{\"@type\":\"BreadcrumbList\",\"@id\":\"https:\/\/www.afs.ch\/fr\/programs\/programmes-scolaires-en-italie\/#breadcrumb\",\"itemListElement\":[{\"@type\":\"ListItem\",\"position\":1,\"name\":\"Home\",\"item\":\"https:\/\/switzerland.afssite.afs.org\/fr\/\"},{\"@type\":\"ListItem\",\"position\":2,\"name\":\"Programmes scolaires en Italie\"}]},{\"@type\":\"WebSite\",\"@id\":\"https:\/\/www.afs.ch\/fr\/#website\",\"url\":\"https:\/\/www.afs.ch\/fr\/\",\"name\":\"Interkulturelle Programme\",\"description\":\"Switzerland\",\"potentialAction\":[{\"@type\":\"SearchAction\",\"target\":{\"@type\":\"EntryPoint\",\"urlTemplate\":\"https:\/\/www.afs.ch\/fr\/?s={search_term_string}\"},\"query-input\":{\"@type\":\"PropertyValueSpecification\",\"valueRequired\":true,\"valueName\":\"search_term_string\"}}],\"inLanguage\":\"fr-FR\"}]}<\/script>\n<!-- \/ Yoast SEO plugin. -->","yoast_head_json":{"title":"Programmes scolaires en Italie - Intercultural Programs","robots":{"index":"index","follow":"follow","max-snippet":"max-snippet:-1","max-image-preview":"max-image-preview:large","max-video-preview":"max-video-preview:-1"},"canonical":"https:\/\/www.afs.ch\/fr\/programs\/programmes-scolaires-en-italie\/","og_locale":"fr_FR","og_type":"article","og_title":"Programmes scolaires en Italie - Intercultural Programs","og_description":"R\u00e9aliser un programme scolaire \u00e0 l\u2019\u00e9tranger, c\u2019est adopter un nouveau mode de vie tout en apprenant la langue de ton&hellip;","og_url":"https:\/\/www.afs.ch\/fr\/programs\/programmes-scolaires-en-italie\/","og_site_name":"Intercultural Programs","article_publisher":"https:\/\/www.facebook.com\/afsswitzerland\/","article_modified_time":"2024-07-09T12:10:50+00:00","twitter_card":"summary_large_image","twitter_site":"@afs_ch","schema":{"@context":"https:\/\/schema.org","@graph":[{"@type":"WebPage","@id":"https:\/\/www.afs.ch\/fr\/programs\/programmes-scolaires-en-italie\/","url":"https:\/\/www.afs.ch\/fr\/programs\/programmes-scolaires-en-italie\/","name":"Programmes scolaires en Italie - Intercultural Programs","isPartOf":{"@id":"https:\/\/www.afs.ch\/fr\/#website"},"datePublished":"2017-05-30T09:36:45+00:00","dateModified":"2024-07-09T12:10:50+00:00","breadcrumb":{"@id":"https:\/\/www.afs.ch\/fr\/programs\/programmes-scolaires-en-italie\/#breadcrumb"},"inLanguage":"fr-FR","potentialAction":[{"@type":"ReadAction","target":["https:\/\/www.afs.ch\/fr\/programs\/programmes-scolaires-en-italie\/"]}]},{"@type":"BreadcrumbList","@id":"https:\/\/www.afs.ch\/fr\/programs\/programmes-scolaires-en-italie\/#breadcrumb","itemListElement":[{"@type":"ListItem","position":1,"name":"Home","item":"https:\/\/switzerland.afssite.afs.org\/fr\/"},{"@type":"ListItem","position":2,"name":"Programmes scolaires en Italie"}]},{"@type":"WebSite","@id":"https:\/\/www.afs.ch\/fr\/#website","url":"https:\/\/www.afs.ch\/fr\/","name":"Interkulturelle Programme","description":"Switzerland","potentialAction":[{"@type":"SearchAction","target":{"@type":"EntryPoint","urlTemplate":"https:\/\/www.afs.ch\/fr\/?s={search_term_string}"},"query-input":{"@type":"PropertyValueSpecification","valueRequired":true,"valueName":"search_term_string"}}],"inLanguage":"fr-FR"}]}},"terms":{"program_age":[{"term_id":285,"name":"15","slug":"15-fr","term_group":0,"term_taxonomy_id":285,"taxonomy":"program_age","description":"","parent":0,"count":146,"filter":"raw","term_order":null},{"term_id":286,"name":"16","slug":"16-fr","term_group":0,"term_taxonomy_id":286,"taxonomy":"program_age","description":"","parent":0,"count":188,"filter":"raw","term_order":null},{"term_id":287,"name":"17","slug":"17-fr","term_group":0,"term_taxonomy_id":287,"taxonomy":"program_age","description":"","parent":0,"count":184,"filter":"raw","term_order":null}],"area_of_interest":[{"term_id":291,"name":"\u00c9change scolaire","slug":"programme-dechange-scolaire","term_group":0,"term_taxonomy_id":291,"taxonomy":"area_of_interest","description":"","parent":0,"count":188,"filter":"raw","term_order":"1"},{"term_id":828,"name":"Programme passerelle","slug":"programme-passerelle","term_group":0,"term_taxonomy_id":828,"taxonomy":"area_of_interest","description":"","parent":0,"count":166,"filter":"raw","term_order":"3"}],"program_duration":[{"term_id":300,"name":"3 \u00e0 4 mois","slug":"3-a-4-mois","term_group":0,"term_taxonomy_id":300,"taxonomy":"program_duration","description":"","parent":0,"count":54,"filter":"raw","term_order":"4"},{"term_id":301,"name":"4 \u00e0 8 mois","slug":"4-a-8-mois","term_group":0,"term_taxonomy_id":301,"taxonomy":"program_duration","description":"","parent":0,"count":88,"filter":"raw","term_order":"5"},{"term_id":302,"name":"8 mois et plus","slug":"8-mois-et-plus","term_group":0,"term_taxonomy_id":302,"taxonomy":"program_duration","description":"","parent":0,"count":107,"filter":"raw","term_order":"6"}],"type-of-program":[],"top_picks":[]},"p2p":{"program_country":[{"id":5017,"title":"Italie","slug":"italie","content":"<p><span style=\"font-weight: 400;\">L\u2019art, la musique, la gastronomie et l\u2019architecture italiennes constituent le d\u00e9cor id\u00e9al pour ton futur <\/span><b>programme d\u2019\u00e9change<\/b><span style=\"font-weight: 400;\"> avec AFS! Historiquement c\u00e9l\u00e8bre, l\u2019Italie est aussi un pays europ\u00e9en moderne, pr\u00e9curseur dans le domaine de la mode et du stylisme. Viens vivre la \u00abdolce vita\u00bb, d\u00e9guster de succulents plats cuisin\u00e9s maison, te balader parmi les vestiges de l\u2019Empire Romain, randonner dans les Alpes enneig\u00e9es ou encore fl\u00e2ner dans de pittoresques villes baln\u00e9aires. Les jeunes Italiens sont habitu\u00e9s \u00e0 \u00eatre assez ind\u00e9pendants. Ils profitent de leur temps libre pour faire du sport, se balader en ville ou discuter sur les terrasses.\u00a0<\/span><\/p>\n<h4 style=\"text-align: left;\"><a class=\"button large\" href=\"https:\/\/www.afs.ch\/fr\/programs\/programmes-scolaires-en-italie\/\">Programmes scolaires AFS en Italie<\/a><\/h4>\n"}]},"_links":{"self":[{"href":"https:\/\/www.afs.ch\/fr\/wp-json\/wp\/v2\/programs\/9366","targetHints":{"allow":["GET"]}}],"collection":[{"href":"https:\/\/www.afs.ch\/fr\/wp-json\/wp\/v2\/programs"}],"about":[{"href":"https:\/\/www.afs.ch\/fr\/wp-json\/wp\/v2\/types\/program"}],"version-history":[{"count":11,"href":"https:\/\/www.afs.ch\/fr\/wp-json\/wp\/v2\/programs\/9366\/revisions"}],"predecessor-version":[{"id":57327,"href":"https:\/\/www.afs.ch\/fr\/wp-json\/wp\/v2\/programs\/9366\/revisions\/57327"}],"wp:attachment":[{"href":"https:\/\/www.afs.ch\/fr\/wp-json\/wp\/v2\/media?parent=9366"}],"wp:term":[{"taxonomy":"program_age","embeddable":true,"href":"https:\/\/www.afs.ch\/fr\/wp-json\/wp\/v2\/program_age?post=9366"},{"taxonomy":"area_of_interest","embeddable":true,"href":"https:\/\/www.afs.ch\/fr\/wp-json\/wp\/v2\/area_of_interest?post=9366"},{"taxonomy":"program_duration","embeddable":true,"href":"https:\/\/www.afs.ch\/fr\/wp-json\/wp\/v2\/program_duration?post=9366"},{"taxonomy":"group_type","embeddable":true,"href":"https:\/\/www.afs.ch\/fr\/wp-json\/wp\/v2\/group_type?post=9366"},{"taxonomy":"house-type","embeddable":true,"href":"https:\/\/www.afs.ch\/fr\/wp-json\/wp\/v2\/house-type?post=9366"},{"taxonomy":"internship-field","embeddable":true,"href":"https:\/\/www.afs.ch\/fr\/wp-json\/wp\/v2\/internship-field?post=9366"},{"taxonomy":"languages","embeddable":true,"href":"https:\/\/www.afs.ch\/fr\/wp-json\/wp\/v2\/languages?post=9366"},{"taxonomy":"meals-included","embeddable":true,"href":"https:\/\/www.afs.ch\/fr\/wp-json\/wp\/v2\/meals-included?post=9366"},{"taxonomy":"top_picks","embeddable":true,"href":"https:\/\/www.afs.ch\/fr\/wp-json\/wp\/v2\/top_picks?post=9366"},{"taxonomy":"type-of-program","embeddable":true,"href":"https:\/\/www.afs.ch\/fr\/wp-json\/wp\/v2\/type-of-program?post=9366"},{"taxonomy":"volunteering-field","embeddable":true,"href":"https:\/\/www.afs.ch\/fr\/wp-json\/wp\/v2\/volunteering-field?post=9366"}],"curies":[{"name":"wp","href":"https:\/\/api.w.org\/{rel}","templated":true}]}}

<!-- This site is optimized with the Yoast SEO plugin v26.6 - https://yoast.com/wordpress/plugins/seo/ -->
<title>Programmes scolaires en Italie - Intercultural Programs</title>
<meta name="robots" content="index, follow, max-snippet:-1, max-image-preview:large, max-video-preview:-1" />
<link rel="canonical" href="https://www.afs.ch/fr/programs/programmes-scolaires-en-italie/" />
<meta property="og:locale" content="fr_FR" />
<meta property="og:type" content="article" />
<meta property="og:title" content="Programmes scolaires en Italie - Intercultural Programs" />
<meta property="og:description" content="Réaliser un programme scolaire à l’étranger, c’est adopter un nouveau mode de vie tout en apprenant la langue de ton&hellip;" />
<meta property="og:url" content="https://www.afs.ch/fr/programs/programmes-scolaires-en-italie/" />
<meta property="og:site_name" content="Intercultural Programs" />
<meta property="article:publisher" content="https://www.facebook.com/afsswitzerland/" />
<meta property="article:modified_time" content="2024-07-09T12:10:50+00:00" />
<meta name="twitter:card" content="summary_large_image" />
<meta name="twitter:site" content="@afs_ch" />
<script type="application/ld+json" class="yoast-schema-graph">{"@context":"https://schema.org","@graph":[{"@type":"WebPage","@id":"https://www.afs.ch/fr/programs/programmes-scolaires-en-italie/","url":"https://www.afs.ch/fr/programs/programmes-scolaires-en-italie/","name":"Programmes scolaires en Italie - Intercultural Programs","isPartOf":{"@id":"https://www.afs.ch/fr/#website"},"datePublished":"2017-05-30T09:36:45+00:00","dateModified":"2024-07-09T12:10:50+00:00","breadcrumb":{"@id":"https://www.afs.ch/fr/programs/programmes-scolaires-en-italie/#breadcrumb"},"inLanguage":"fr-FR","potentialAction":[{"@type":"ReadAction","target":["https://www.afs.ch/fr/programs/programmes-scolaires-en-italie/"]}]},{"@type":"BreadcrumbList","@id":"https://www.afs.ch/fr/programs/programmes-scolaires-en-italie/#breadcrumb","itemListElement":[{"@type":"ListItem","position":1,"name":"Home","item":"https://switzerland.afssite.afs.org/fr/"},{"@type":"ListItem","position":2,"name":"Programmes scolaires en Italie"}]},{"@type":"WebSite","@id":"https://www.afs.ch/fr/#website","url":"https://www.afs.ch/fr/","name":"Interkulturelle Programme","description":"Switzerland","potentialAction":[{"@type":"SearchAction","target":{"@type":"EntryPoint","urlTemplate":"https://www.afs.ch/fr/?s={search_term_string}"},"query-input":{"@type":"PropertyValueSpecification","valueRequired":true,"valueName":"search_term_string"}}],"inLanguage":"fr-FR"}]}</script>
<!-- / Yoast SEO plugin. -->

Réaliser un programme scolaire à l’étranger, c’est adopter un nouveau mode de vie tout en apprenant la langue de ton&hellip;

Échange scolaire

3 à 4 mois

4 à 8 mois

<p><span style="font-weight: 400;">L’art, la musique, la gastronomie et l’architecture italiennes constituent le décor idéal pour ton futur </span><b>programme d’échange</b><span style="font-weight: 400;"> avec AFS! Historiquement célèbre, l’Italie est aussi un pays européen moderne, précurseur dans le domaine de la mode et du stylisme. Viens vivre la «dolce vita», déguster de succulents plats cuisinés maison, te balader parmi les vestiges de l’Empire Romain, randonner dans les Alpes enneigées ou encore flâner dans de pittoresques villes balnéaires. Les jeunes Italiens sont habitués à être assez indépendants. Ils profitent de leur temps libre pour faire du sport, se balader en ville ou discuter sur les terrasses. </span></p>
<h4 style="text-align: left;"><a class="button large" href="https://www.afs.ch/fr/programs/programmes-scolaires-en-italie/">Programmes scolaires AFS en Italie</a></h4>
